{"id":164,"date":"2026-01-13T20:12:37","date_gmt":"2026-01-13T20:12:37","guid":{"rendered":"https:\/\/organizzazione.cai.it\/commissione-alpinismo-giovanile-collini-matajur\/?post_type=tribe_events&#038;p=164"},"modified":"2026-02-02T20:05:26","modified_gmt":"2026-02-02T20:05:26","slug":"ciaspolata-in-notturna","status":"publish","type":"tribe_events","link":"https:\/\/organizzazione.cai.it\/commissione-alpinismo-giovanile-collini-matajur\/evento\/ciaspolata-in-notturna\/","title":{"rendered":"AGGIORNAMENTO_Ciaspolata in Notturna a Malga PRIU"},"content":{"rendered":"<h2 style=\"text-align: center;\"><span style=\"color: #ff0000;\"><strong>AGGIORNAMENTO:<\/strong><\/span><\/h2>\n<h3 style=\"text-align: center;\"><span style=\"color: #ff0000;\"><strong>CAUSA CONDIZIONI METEO E NEVE L&#8217;USCITA VERRA&#8217; EFFETTUATA IN VAL SAISERA<\/strong><\/span><\/h3>\n<p style=\"text-align: center;\">L&#8217;uscita, sempre al chiaro di luna, sar\u00e0 suddivisa su due fasce d&#8217;et\u00e0, ove i pi\u00f9 piccoli effettueranno un percorso pi\u00f9 semplice in Val Saisera da Valbruna denominato &#8220;Trekking della piana&#8221; o &#8220;Advent Pur&#8221;, mentre i pi\u00f9 grandi partendo sempre da Valbruna effettueranno un anello verso le pendici del M.te Nebria. Al termine dell&#8217;escursione i gruppi si ritroveranno per condividere un momento conviviale.<\/p>\n<p>&nbsp;<\/p>\n<h2 style=\"text-align: center;\"><span style=\"color: #ff0000;\"><strong>AGGIORNAMENTO:<\/strong><\/span><\/h2>\n<h3 style=\"text-align: center;\"><span style=\"color: #ff0000;\"><strong>ISCRIZIONI CHIUSE PER ESAURIMENTO POSTI DISPONIBILI<\/strong><\/span><\/h3>\n<p style=\"text-align: center;\"><del>Sull\u2019alpe di Ugovizza si trova una fitta rete di sentieri da poter percorrere estate e inverno.<\/del><br \/>\n<del>Questi bellissimi sentieri si intrecciano passando lungo malghe, cime, selle e pianori.<\/del><br \/>\n<del>Questo \u00e8 il Puanina tour dove si possono trovare itinerari facili e adatti a tutti con sentieri ben segnalati<\/del><br \/>\n<del>e puliti.<\/del><br \/>\n<del>Malga Priu \u00e8 uno di questi itinerari, semplice e bellissima da raggiungere sia in estate che in inverno.<\/del><br \/>\n<del>L\u2019escursione \u00e8 totalmente immersa nel bosco e lungo la via si possono trovare varie tabelle didattiche che raccontano le storie di queste montagne. Arrivati all\u2019altezza di Malga Priu si apre davanti a voi un incantevole panorama.<\/del><br \/>\nIn questa escursione \u201cnotturna\u201d confidiamo di ammirare la magica atmosfera del bosco innevato baciato dalla luce lunare.<\/p>\n<p style=\"text-align: left;\"><a href=\"https:\/\/organizzazione.cai.it\/commissione-alpinismo-giovanile-collini-matajur\/wp-content\/uploads\/sites\/168\/2026\/01\/volantino-uscita-31-gennaio-2026-Ciaspolata-notturna-Malga-Priu.pdf\" class=\"pdfemb-viewer\" style=\"width:640px;\" data-width=\"640\" data-height=\"max\" data-toolbar=\"top\" data-toolbar-fixed=\"on\">volantino uscita 31 gennaio 2026- Ciaspolata notturna Malga Priu<\/a><\/p>\n<p style=\"text-align: left;\"><strong><a title=\"DOWNLOAD VOLANTINO\" href=\"https:\/\/organizzazione.cai.it\/commissione-alpinismo-giovanile-collini-matajur\/wp-content\/uploads\/sites\/168\/2026\/01\/volantino-uscita-31-gennaio-2026-Ciaspolata-notturna-Malga-Priu.pdf\">DOWNLOAD VOLANTINO<\/a><\/strong><\/p>\n","protected":false},"excerpt":{"rendered":"<p>AGGIORNAMENTO: CAUSA CONDIZIONI METEO E NEVE L&#8217;USCITA VERRA&#8217; EFFETTUATA IN VAL SAISERA L&#8217;uscita, sempre al chiaro di luna, sar\u00e0 suddivisa su due fasce d&#8217;et\u00e0, ove i pi\u00f9 piccoli effettueranno un [&hellip;]<\/p>\n","protected":false},"author":485,"featured_media":233,"comment_status":"closed","ping_status":"closed","template":"","meta":{"_tribe_events_status":"","_tribe_events_status_reason":"","footnotes":""},"tags":[7,11,8,12,14,13],"tribe_events_cat":[20,22],"_links":{"self":[{"href":"https:\/\/organizzazione.cai.it\/commissione-alpinismo-giovanile-collini-matajur\/wp-json\/wp\/v2\/tribe_events\/164"}],"collection":[{"href":"https:\/\/organizzazione.cai.it\/commissione-alpinismo-giovanile-collini-matajur\/wp-json\/wp\/v2\/tribe_events"}],"about":[{"href":"https:\/\/organizzazione.cai.it\/commissione-alpinismo-giovanile-collini-matajur\/wp-json\/wp\/v2\/types\/tribe_events"}],"author":[{"embeddable":true,"href":"https:\/\/organizzazione.cai.it\/commissione-alpinismo-giovanile-collini-matajur\/wp-json\/wp\/v2\/users\/485"}],"replies":[{"embeddable":true,"href":"https:\/\/organizzazione.cai.it\/commissione-alpinismo-giovanile-collini-matajur\/wp-json\/wp\/v2\/comments?post=164"}],"version-history":[{"count":14,"href":"https:\/\/organizzazione.cai.it\/commissione-alpinismo-giovanile-collini-matajur\/wp-json\/wp\/v2\/tribe_events\/164\/revisions"}],"predecessor-version":[{"id":261,"href":"https:\/\/organizzazione.cai.it\/commissione-alpinismo-giovanile-collini-matajur\/wp-json\/wp\/v2\/tribe_events\/164\/revisions\/261"}],"wp:featuredmedia":[{"embeddable":true,"href":"https:\/\/organizzazione.cai.it\/commissione-alpinismo-giovanile-collini-matajur\/wp-json\/wp\/v2\/media\/233"}],"wp:attachment":[{"href":"https:\/\/organizzazione.cai.it\/commissione-alpinismo-giovanile-collini-matajur\/wp-json\/wp\/v2\/media?parent=164"}],"wp:term":[{"taxonomy":"post_tag","embeddable":true,"href":"https:\/\/organizzazione.cai.it\/commissione-alpinismo-giovanile-collini-matajur\/wp-json\/wp\/v2\/tags?post=164"},{"taxonomy":"tribe_events_cat","embeddable":true,"href":"https:\/\/organizzazione.cai.it\/commissione-alpinismo-giovanile-collini-matajur\/wp-json\/wp\/v2\/tribe_events_cat?post=164"}],"curies":[{"name":"wp","href":"https:\/\/api.w.org\/{rel}","templated":true}]}}

<h2 style="text-align: center;"><span style="color: #ff0000;"><strong>AGGIORNAMENTO:</strong></span></h2>
<h3 style="text-align: center;"><span style="color: #ff0000;"><strong>CAUSA CONDIZIONI METEO E NEVE L&#8217;USCITA VERRA&#8217; EFFETTUATA IN VAL SAISERA</strong></span></h3>
<p style="text-align: center;">L&#8217;uscita, sempre al chiaro di luna, sarà suddivisa su due fasce d&#8217;età, ove i più piccoli effettueranno un percorso più semplice in Val Saisera da Valbruna denominato &#8220;Trekking della piana&#8221; o &#8220;Advent Pur&#8221;, mentre i più grandi partendo sempre da Valbruna effettueranno un anello verso le pendici del M.te Nebria. Al termine dell&#8217;escursione i gruppi si ritroveranno per condividere un momento conviviale.</p>
<p>&nbsp;</p>
<h2 style="text-align: center;"><span style="color: #ff0000;"><strong>AGGIORNAMENTO:</strong></span></h2>
<h3 style="text-align: center;"><span style="color: #ff0000;"><strong>ISCRIZIONI CHIUSE PER ESAURIMENTO POSTI DISPONIBILI</strong></span></h3>
<p style="text-align: center;"><del>Sull’alpe di Ugovizza si trova una fitta rete di sentieri da poter percorrere estate e inverno.</del><br />
<del>Questi bellissimi sentieri si intrecciano passando lungo malghe, cime, selle e pianori.</del><br />
<del>Questo è il Puanina tour dove si possono trovare itinerari facili e adatti a tutti con sentieri ben segnalati</del><br />
<del>e puliti.</del><br />
<del>Malga Priu è uno di questi itinerari, semplice e bellissima da raggiungere sia in estate che in inverno.</del><br />
<del>L’escursione è totalmente immersa nel bosco e lungo la via si possono trovare varie tabelle didattiche che raccontano le storie di queste montagne. Arrivati all’altezza di Malga Priu si apre davanti a voi un incantevole panorama.</del><br />
In questa escursione “notturna” confidiamo di ammirare la magica atmosfera del bosco innevato baciato dalla luce lunare.</p>
<p style="text-align: left;"><a href="https://organizzazione.cai.it/commissione-alpinismo-giovanile-collini-matajur/wp-content/uploads/sites/168/2026/01/volantino-uscita-31-gennaio-2026-Ciaspolata-notturna-Malga-Priu.pdf" class="pdfemb-viewer" style="width:640px;" data-width="640" data-height="max" data-toolbar="top" data-toolbar-fixed="on">volantino uscita 31 gennaio 2026- Ciaspolata notturna Malga Priu</a></p>
<p style="text-align: left;"><strong><a title="DOWNLOAD VOLANTINO" href="https://organizzazione.cai.it/commissione-alpinismo-giovanile-collini-matajur/wp-content/uploads/sites/168/2026/01/volantino-uscita-31-gennaio-2026-Ciaspolata-notturna-Malga-Priu.pdf">DOWNLOAD VOLANTINO</a></strong></p>

<p>AGGIORNAMENTO: CAUSA CONDIZIONI METEO E NEVE L&#8217;USCITA VERRA&#8217; EFFETTUATA IN VAL SAISERA L&#8217;uscita, sempre al chiaro di luna, sarà suddivisa su due fasce d&#8217;età, ove i più piccoli effettueranno un [&hellip;]</p>
