{"id":170,"date":"2026-01-13T20:17:23","date_gmt":"2026-01-13T20:17:23","guid":{"rendered":"https:\/\/organizzazione.cai.it\/commissione-alpinismo-giovanile-collini-matajur\/?post_type=tribe_events&#038;p=170"},"modified":"2026-03-23T21:07:41","modified_gmt":"2026-03-23T20:07:41","slug":"monte-kolovrat","status":"publish","type":"tribe_events","link":"https:\/\/organizzazione.cai.it\/commissione-alpinismo-giovanile-collini-matajur\/evento\/monte-kolovrat\/","title":{"rendered":"Monte Colovrat"},"content":{"rendered":"<p>La cresta del Colovrat (Kolovrat in sloveno) si erge sulla valle del Isonzo (So\u010da) offrendo straordinarie visuali sul fiume smeraldino, le Alpi Giulie, le Valli del Natisone, la pianura friulana e il mare Adriatico.<\/p>\n<p>Oggi qui possiamo godere in tranquillit\u00e0 della natura incontaminata, durante la Grande Guerra il Colovrat \u00e8 per\u00f2 stato testimone dell\u2019annientante fronte dell&#8217;Isonzo.<\/p>\n<p>Nel museo all\u2019aperto studieremo l\u2019allora linea difensiva italiana con i posti di comando ancora conservati, le postazioni di tiro, la rete di trincee e caverne e le caratteristiche scalinate a chiocciola in una di esse.<\/p>\n<p>Questa linea di separazione, un tempo decisiva, oggi \u00e8 espressione della forza unificatrice della memoria, scoprendo la storia cammineremo infatti lungo l\u2019attuale territorio transfrontaliero italiano e sloveno.<\/p>\n<p>&nbsp;<\/p>\n<p style=\"text-align: left;\"><a href=\"https:\/\/organizzazione.cai.it\/commissione-alpinismo-giovanile-collini-matajur\/wp-content\/uploads\/sites\/168\/2026\/03\/volantino-uscita-29-MARZO-2026_USCITA-STORICA-AL-MONTE-COLOVRAT-.pdf\" class=\"pdfemb-viewer\" style=\"width:640px;\" data-width=\"640\" data-height=\"max\" data-toolbar=\"top\" data-toolbar-fixed=\"on\">volantino uscita 29 MARZO 2026_USCITA STORICA AL MONTE COLOVRAT<\/a><\/p>\n<p style=\"text-align: left;\"><strong><a title=\"DOWNLOAD VOLANTINO\" href=\"https:\/\/organizzazione.cai.it\/commissione-alpinismo-giovanile-collini-matajur\/wp-content\/uploads\/sites\/168\/2026\/03\/volantino-uscita-29-MARZO-2026_USCITA-STORICA-AL-MONTE-COLOVRAT-.pdf\">DOWNLOAD VOLANTINO<\/a><\/strong><\/p>\n","protected":false},"excerpt":{"rendered":"<p>La cresta del Colovrat (Kolovrat in sloveno) si erge sulla valle del Isonzo (So\u010da) offrendo straordinarie visuali sul fiume smeraldino, le Alpi Giulie, le Valli del Natisone, la pianura friulana [&hellip;]<\/p>\n","protected":false},"author":485,"featured_media":368,"comment_status":"closed","ping_status":"closed","template":"","meta":{"_tribe_events_status":"","_tribe_events_status_reason":"","footnotes":""},"tags":[7,8,12,15],"tribe_events_cat":[20,25],"_links":{"self":[{"href":"https:\/\/organizzazione.cai.it\/commissione-alpinismo-giovanile-collini-matajur\/wp-json\/wp\/v2\/tribe_events\/170"}],"collection":[{"href":"https:\/\/organizzazione.cai.it\/commissione-alpinismo-giovanile-collini-matajur\/wp-json\/wp\/v2\/tribe_events"}],"about":[{"href":"https:\/\/organizzazione.cai.it\/commissione-alpinismo-giovanile-collini-matajur\/wp-json\/wp\/v2\/types\/tribe_events"}],"author":[{"embeddable":true,"href":"https:\/\/organizzazione.cai.it\/commissione-alpinismo-giovanile-collini-matajur\/wp-json\/wp\/v2\/users\/485"}],"replies":[{"embeddable":true,"href":"https:\/\/organizzazione.cai.it\/commissione-alpinismo-giovanile-collini-matajur\/wp-json\/wp\/v2\/comments?post=170"}],"version-history":[{"count":7,"href":"https:\/\/organizzazione.cai.it\/commissione-alpinismo-giovanile-collini-matajur\/wp-json\/wp\/v2\/tribe_events\/170\/revisions"}],"predecessor-version":[{"id":432,"href":"https:\/\/organizzazione.cai.it\/commissione-alpinismo-giovanile-collini-matajur\/wp-json\/wp\/v2\/tribe_events\/170\/revisions\/432"}],"wp:featuredmedia":[{"embeddable":true,"href":"https:\/\/organizzazione.cai.it\/commissione-alpinismo-giovanile-collini-matajur\/wp-json\/wp\/v2\/media\/368"}],"wp:attachment":[{"href":"https:\/\/organizzazione.cai.it\/commissione-alpinismo-giovanile-collini-matajur\/wp-json\/wp\/v2\/media?parent=170"}],"wp:term":[{"taxonomy":"post_tag","embeddable":true,"href":"https:\/\/organizzazione.cai.it\/commissione-alpinismo-giovanile-collini-matajur\/wp-json\/wp\/v2\/tags?post=170"},{"taxonomy":"tribe_events_cat","embeddable":true,"href":"https:\/\/organizzazione.cai.it\/commissione-alpinismo-giovanile-collini-matajur\/wp-json\/wp\/v2\/tribe_events_cat?post=170"}],"curies":[{"name":"wp","href":"https:\/\/api.w.org\/{rel}","templated":true}]}}

<p>La cresta del Colovrat (Kolovrat in sloveno) si erge sulla valle del Isonzo (Soča) offrendo straordinarie visuali sul fiume smeraldino, le Alpi Giulie, le Valli del Natisone, la pianura friulana e il mare Adriatico.</p>
<p>Oggi qui possiamo godere in tranquillità della natura incontaminata, durante la Grande Guerra il Colovrat è però stato testimone dell’annientante fronte dell&#8217;Isonzo.</p>
<p>Nel museo all’aperto studieremo l’allora linea difensiva italiana con i posti di comando ancora conservati, le postazioni di tiro, la rete di trincee e caverne e le caratteristiche scalinate a chiocciola in una di esse.</p>
<p>Questa linea di separazione, un tempo decisiva, oggi è espressione della forza unificatrice della memoria, scoprendo la storia cammineremo infatti lungo l’attuale territorio transfrontaliero italiano e sloveno.</p>
<p>&nbsp;</p>
<p style="text-align: left;"><a href="https://organizzazione.cai.it/commissione-alpinismo-giovanile-collini-matajur/wp-content/uploads/sites/168/2026/03/volantino-uscita-29-MARZO-2026_USCITA-STORICA-AL-MONTE-COLOVRAT-.pdf" class="pdfemb-viewer" style="width:640px;" data-width="640" data-height="max" data-toolbar="top" data-toolbar-fixed="on">volantino uscita 29 MARZO 2026_USCITA STORICA AL MONTE COLOVRAT</a></p>
<p style="text-align: left;"><strong><a title="DOWNLOAD VOLANTINO" href="https://organizzazione.cai.it/commissione-alpinismo-giovanile-collini-matajur/wp-content/uploads/sites/168/2026/03/volantino-uscita-29-MARZO-2026_USCITA-STORICA-AL-MONTE-COLOVRAT-.pdf">DOWNLOAD VOLANTINO</a></strong></p>

<p>La cresta del Colovrat (Kolovrat in sloveno) si erge sulla valle del Isonzo (Soča) offrendo straordinarie visuali sul fiume smeraldino, le Alpi Giulie, le Valli del Natisone, la pianura friulana [&hellip;]</p>
