{"id":187,"date":"2026-01-13T20:45:14","date_gmt":"2026-01-13T20:45:14","guid":{"rendered":"https:\/\/organizzazione.cai.it\/commissione-alpinismo-giovanile-collini-matajur\/?post_type=tribe_events&#038;p=187"},"modified":"2026-04-23T22:11:19","modified_gmt":"2026-04-23T20:11:19","slug":"settimana-autogestita","status":"publish","type":"tribe_events","link":"https:\/\/organizzazione.cai.it\/commissione-alpinismo-giovanile-collini-matajur\/evento\/settimana-autogestita\/","title":{"rendered":"Settimana Autogestita"},"content":{"rendered":"<h3>Intersezionale Nord Friuli<\/h3>\n<p>Anche quest&#8217;anno in collaborazione con i gruppi di Alpinismo Giovanile di TOLMEZZO, RAVASCLETTO e GEMONA DEL FRIULI effettueremo il Soggiorno Autogestito a casa \u201cPRIMALUNETTA\u201d (Val Campelle &#8211; Castel Ivano (TN) dal 28 giugno al 3 luglio.<\/p>\n<p>L\u2019offerta \u00e8 rivolta ai ragazzi e alle ragazze<strong> <em>dai 9 ai 17 anni gi\u00e0\u00a0facenti parte<\/em><\/strong> all\u2019Alpinismo Giovanile in possesso di adeguata autonomia nella gestione personale.<br \/>\nLa struttura \u00e8 situata in una zona di alta montagna, lontana dal centro abitato.<\/p>\n<p>Si partir\u00e0 la mattina di domenica 28 giugno e si rientrer\u00e0 la sera di venerd\u00ec 3 luglio.<\/p>\n<p>Per chi interessato, le iscrizioni si chiudono il 31 maggio e, considerato il limitato numero di posti disponibili, far\u00e0 fede la data di adesione inviata tramite mail a <a href=\"mailto:ag.collini-matajur@cai.it\">ag.collini-matajur@cai.it<\/a><\/p>\n<p>&nbsp;<\/p>\n<p>&nbsp;<\/p>\n<p><img loading=\"lazy\" decoding=\"async\" class=\"size-medium wp-image-566 aligncenter\" src=\"https:\/\/organizzazione.cai.it\/commissione-alpinismo-giovanile-collini-matajur\/wp-content\/uploads\/sites\/168\/2026\/01\/img-20260317-wa0006-509x720.webp\" alt=\"- CAI\" width=\"509\" height=\"720\" title=\"\" srcset=\"https:\/\/organizzazione.cai.it\/commissione-alpinismo-giovanile-collini-matajur\/wp-content\/uploads\/sites\/168\/2026\/01\/img-20260317-wa0006-509x720.webp 509w, https:\/\/organizzazione.cai.it\/commissione-alpinismo-giovanile-collini-matajur\/wp-content\/uploads\/sites\/168\/2026\/01\/img-20260317-wa0006-763x1080.webp 763w, https:\/\/organizzazione.cai.it\/commissione-alpinismo-giovanile-collini-matajur\/wp-content\/uploads\/sites\/168\/2026\/01\/img-20260317-wa0006-768x1086.webp 768w, https:\/\/organizzazione.cai.it\/commissione-alpinismo-giovanile-collini-matajur\/wp-content\/uploads\/sites\/168\/2026\/01\/img-20260317-wa0006-1086x1536.webp 1086w, https:\/\/organizzazione.cai.it\/commissione-alpinismo-giovanile-collini-matajur\/wp-content\/uploads\/sites\/168\/2026\/01\/img-20260317-wa0006.webp 1131w\" sizes=\"(max-width: 509px) 100vw, 509px\" \/><\/p>\n","protected":false},"excerpt":{"rendered":"<p>Intersezionale Nord Friuli Anche quest&#8217;anno in collaborazione con i gruppi di Alpinismo Giovanile di TOLMEZZO, RAVASCLETTO e GEMONA DEL FRIULI effettueremo il Soggiorno Autogestito a casa \u201cPRIMALUNETTA\u201d (Val Campelle &#8211; [&hellip;]<\/p>\n","protected":false},"author":485,"featured_media":378,"comment_status":"closed","ping_status":"closed","template":"","meta":{"_tribe_events_status":"","_tribe_events_status_reason":"","footnotes":""},"tags":[7,8,12,16,15],"tribe_events_cat":[20,23,25],"_links":{"self":[{"href":"https:\/\/organizzazione.cai.it\/commissione-alpinismo-giovanile-collini-matajur\/wp-json\/wp\/v2\/tribe_events\/187"}],"collection":[{"href":"https:\/\/organizzazione.cai.it\/commissione-alpinismo-giovanile-collini-matajur\/wp-json\/wp\/v2\/tribe_events"}],"about":[{"href":"https:\/\/organizzazione.cai.it\/commissione-alpinismo-giovanile-collini-matajur\/wp-json\/wp\/v2\/types\/tribe_events"}],"author":[{"embeddable":true,"href":"https:\/\/organizzazione.cai.it\/commissione-alpinismo-giovanile-collini-matajur\/wp-json\/wp\/v2\/users\/485"}],"replies":[{"embeddable":true,"href":"https:\/\/organizzazione.cai.it\/commissione-alpinismo-giovanile-collini-matajur\/wp-json\/wp\/v2\/comments?post=187"}],"version-history":[{"count":4,"href":"https:\/\/organizzazione.cai.it\/commissione-alpinismo-giovanile-collini-matajur\/wp-json\/wp\/v2\/tribe_events\/187\/revisions"}],"predecessor-version":[{"id":569,"href":"https:\/\/organizzazione.cai.it\/commissione-alpinismo-giovanile-collini-matajur\/wp-json\/wp\/v2\/tribe_events\/187\/revisions\/569"}],"wp:featuredmedia":[{"embeddable":true,"href":"https:\/\/organizzazione.cai.it\/commissione-alpinismo-giovanile-collini-matajur\/wp-json\/wp\/v2\/media\/378"}],"wp:attachment":[{"href":"https:\/\/organizzazione.cai.it\/commissione-alpinismo-giovanile-collini-matajur\/wp-json\/wp\/v2\/media?parent=187"}],"wp:term":[{"taxonomy":"post_tag","embeddable":true,"href":"https:\/\/organizzazione.cai.it\/commissione-alpinismo-giovanile-collini-matajur\/wp-json\/wp\/v2\/tags?post=187"},{"taxonomy":"tribe_events_cat","embeddable":true,"href":"https:\/\/organizzazione.cai.it\/commissione-alpinismo-giovanile-collini-matajur\/wp-json\/wp\/v2\/tribe_events_cat?post=187"}],"curies":[{"name":"wp","href":"https:\/\/api.w.org\/{rel}","templated":true}]}}

<h3>Intersezionale Nord Friuli</h3>
<p>Anche quest&#8217;anno in collaborazione con i gruppi di Alpinismo Giovanile di TOLMEZZO, RAVASCLETTO e GEMONA DEL FRIULI effettueremo il Soggiorno Autogestito a casa “PRIMALUNETTA” (Val Campelle &#8211; Castel Ivano (TN) dal 28 giugno al 3 luglio.</p>
<p>L’offerta è rivolta ai ragazzi e alle ragazze<strong> <em>dai 9 ai 17 anni già facenti parte</em></strong> all’Alpinismo Giovanile in possesso di adeguata autonomia nella gestione personale.<br />
La struttura è situata in una zona di alta montagna, lontana dal centro abitato.</p>
<p>Si partirà la mattina di domenica 28 giugno e si rientrerà la sera di venerdì 3 luglio.</p>
<p>Per chi interessato, le iscrizioni si chiudono il 31 maggio e, considerato il limitato numero di posti disponibili, farà fede la data di adesione inviata tramite mail a <a href="mailto:ag.collini-matajur@cai.it">ag.collini-matajur@cai.it</a></p>
<p>&nbsp;</p>
<p>&nbsp;</p>
<p><img loading="lazy" decoding="async" class="size-medium wp-image-566 aligncenter" src="https://organizzazione.cai.it/commissione-alpinismo-giovanile-collini-matajur/wp-content/uploads/sites/168/2026/01/img-20260317-wa0006-509x720.webp" alt="- CAI" width="509" height="720" title="" srcset="https://organizzazione.cai.it/commissione-alpinismo-giovanile-collini-matajur/wp-content/uploads/sites/168/2026/01/img-20260317-wa0006-509x720.webp 509w, https://organizzazione.cai.it/commissione-alpinismo-giovanile-collini-matajur/wp-content/uploads/sites/168/2026/01/img-20260317-wa0006-763x1080.webp 763w, https://organizzazione.cai.it/commissione-alpinismo-giovanile-collini-matajur/wp-content/uploads/sites/168/2026/01/img-20260317-wa0006-768x1086.webp 768w, https://organizzazione.cai.it/commissione-alpinismo-giovanile-collini-matajur/wp-content/uploads/sites/168/2026/01/img-20260317-wa0006-1086x1536.webp 1086w, https://organizzazione.cai.it/commissione-alpinismo-giovanile-collini-matajur/wp-content/uploads/sites/168/2026/01/img-20260317-wa0006.webp 1131w" sizes="(max-width: 509px) 100vw, 509px" /></p>
