{"id":328,"date":"2017-02-03T23:00:00","date_gmt":"2017-02-03T23:00:00","guid":{"rendered":"https:\/\/organizzazione.cai.it\/commissione-centrale-alpinismo-giovanile-liguria-piemonte-val-daosta\/evento\/programma-xv-corso-aag-area-lvp\/"},"modified":"2024-11-15T18:38:30","modified_gmt":"2024-11-15T18:38:30","slug":"programma-xv-corso-aag-area-lvp","status":"publish","type":"tribe_events","link":"https:\/\/organizzazione.cai.it\/commissione-centrale-alpinismo-giovanile-liguria-piemonte-valle-daosta\/evento\/programma-xv-corso-aag-area-lvp\/","title":{"rendered":"Programma Xv Corso Aag &#8211; Area Lpv"},"content":{"rendered":"<h1 style=\"text-align: center;\">XV Corso di qualifica per\u00a0Accompagnatori di Alpinismo Giovanile (AAG)<\/h1>\n<h1 style=\"text-align: center;\">Area Liguria Piemonte Valle d&#8217;Aosta (LPV)<\/h1>\n<p style=\"text-align: justify;\">La Scuola Interregionale di Alpinismo Giovanile LPV, su mandato della Commissione\u00a0Interregionale di Alpinismo Giovanile LPV, organizza il XV Corso di qualifica per Accompagnatori di Alpinismo Giovanile area Liguria Piemonte Valle d&#8217;Aosta.<\/p>\n<p style=\"text-align: justify;\"><a href=\"https:\/\/drive.google.com\/file\/d\/0B9Rb41itgsILOGdWOGdpSnBkdjQ\/view?usp=sharing\" target=\"_blank\" rel=\"noopener noreferrer\"><strong>SCARICA IL BANDO COMPLETO DEL XV CORSO AAG IN AREA LPV<\/strong><\/a><\/p>\n<p style=\"text-align: justify;\">Quella di Accompagnatore di Alpinismo Giovanile (AAG) \u00e8 una qualifica ufficiale del CAI, rilasciata dal Presidente Generale, che viene ottenuta superando un apposito corso. Le caratteristiche che un AAG deve possedere sono quelle elencate nell&#8217;articolo 3 del\u00a0Regolamento Accompagnatori:<\/p>\n<p>&#8211; capacit\u00e0 tecnico-alpinistiche tali da garantire la massima sicurezza in montagna anche\u00a0in situazioni di emergenza.<\/p>\n<p>&#8211; conoscenze generali di base per poter frequentare responsabilmente la montagna nel\u00a0pieno ed attivo rispetto dell&#8217;ambiente.<\/p>\n<p>&#8211; attitudini organizzative, didattiche ed educative tali da consentire un corretto e\u00a0proficuo rapporto con i giovani.<\/p>\n<h2>Date di svolgimento del corso<\/h2>\n<p>&#8211; 31 marzo \u2212 2 aprile 2017 Selezioni localit\u00e0 Monte Bracco \u2212 Valle Po (CN)<\/p>\n<p>&#8211; 6-9 luglio 2017 1\u00b0 modulo &#8211; Val Formazza &#8211; Rifugio Margaroli (VB)<\/p>\n<p>&#8211; 14-17 settembre 2017 2\u00b0 modulo &#8211; Sant&#8217;Anna di Vinadio \u2212 Valle Stura (CN)<\/p>\n<h2 style=\"text-align: justify;\">Destinatari<\/h2>\n<p style=\"text-align: justify;\">Ai sensi dell&#8217;art. 24 del Regolamento per gli organi tecnici operativi centrali e territoriali del\u00a0Club Alpino Italiano approvato dal Consiglio Centrale nella seduta del 26 novembre 2016 il\u00a0corso \u00e8 indirizzato a tutti i soci CAI che possiedono i seguenti requisiti:<\/p>\n<ul>\n<li>avere compiuto 18 anni<\/li>\n<li>essere iscritto al CAI da almeno due anni;<\/li>\n<li>godimento dei diritti civili.<\/li>\n<li style=\"text-align: justify;\">aver conseguito la qualifica di Accompagnatore Sezionale di AG (ASAG) o avere svolto attivit\u00e0 di Sezione specifica per almeno un anno, certificata dal relativo presidente di\u00a0Sezione.<\/li>\n<\/ul>\n<p style=\"text-align: justify;\">I candidati si impegnano, qualora ottengano la nomina, ad operare attivamente nell&#8217;AG, ai\u00a0sensi del Regolamento degli Accompagnatori di AG.<\/p>\n<h2 style=\"text-align: justify;\">Sedi e calendario del corso<\/h2>\n<p style=\"text-align: justify;\">Il corso \u00e8 articolato in pi\u00f9 fasi:<\/p>\n<ul>\n<li>Prove di ammissione (31 marzo &#8211; 2 aprile 2017)<\/li>\n<\/ul>\n<p style=\"text-align: justify;\">In questa fase si svolgeranno le prove di ammissione atte a verificare l&#8217;idoneit\u00e0 dei\u00a0candidati per la partecipazione al corso. Le prove avranno come sede il sito del Monte\u00a0Bracco, nel comune di Sanfront in Valle Po in provincia di Cuneo, situata ai piedi del massiccio del Monviso. Base per il soggiorno e le prove a tavolino sar\u00e0 il rifugio la Via\u00a0del Sale in Sanfront.<\/p>\n<p style=\"text-align: justify;\">PREREQUISITI OGGETTO DI VERIFICA ALLA PRESELEZIONE SONO RIPORTATI NELLA\u00a0<strong><a href=\"https:\/\/drive.google.com\/file\/d\/0B9Rb41itgsILYWFkU1kyMmRtSGM\/view?usp=sharing\" target=\"_blank\" rel=\"noopener noreferrer\">PRESENTAZIONE DEL CORSO (clicca per aprire il link)\u00a0<\/a><\/strong><\/p>\n<ul>\n<li>Prima sessione (6-9 luglio 2017)<\/li>\n<\/ul>\n<p style=\"text-align: justify;\">Inizia il corso vero e proprio con soggiorno in un rifugio di montagna ed \u00e8 destinata\u00a0quindi ad una serie di lezioni teoriche ed alle quotidiane esercitazioni pratiche sul\u00a0terreno sulle materie oggetto dell&#8217;AG, come previsto dai piani formativi della nostra\u00a0specialit\u00e0. Questa sessione si svolger\u00e0 presso il rifugio Margaroli (m. 2.194 s.l.m.), si\u00a0trova in Val Formazza, in bella posizione su un dosso tra l&#8217;Alpe Vannino e la diga del\u00a0lago omonimo, alla testata del Vallone del Vannino.<\/p>\n<ul>\n<li>\u00a0Seconda sessione (14-17 settembre 2017)<\/li>\n<\/ul>\n<p style=\"text-align: justify;\">La seconda sessione avr\u00e0 sede al Santuario di Sant&#8217;Anna di Vinadio (m. 2010 s.l.m.) che si trova nel cuore dell&#8217;alta Valle Stura di Demonte in provincia di Cuneo. Base per il soggiorno saranno le strutture ricettive del Santuario<\/p>\n<h2 style=\"text-align: justify;\">Condizioni generali<\/h2>\n<p style=\"text-align: justify;\">Al corso saranno ammessi un massimo di 30 partecipanti, e sar\u00e0 svolto con almeno 12 iscrizioni valide. In caso di mancata accettazione alla prima fase, cio\u00e8 alle prove di ammissione, la quota di iscrizione sar\u00e0 interamente restituita all&#8217;interessato.<\/p>\n<p style=\"text-align: justify;\">In fase di ricevimento della domanda la scuola rediger\u00e0 una graduatoria delle stesse secondo\u00a0il seguente schema:<\/p>\n<ul>\n<li>Possesso del titolo di ASAG<\/li>\n<li>Attestazione di partecipazione a corsi\u00a0Alpinismo, sci alpinismo, arrampicata,\u00a0ecc.<\/li>\n<li>Attestazione di attivit\u00e0 in ambito di AG<\/li>\n<li>Altri titoli CAI (AE, ISA, IA, IAR, ecc.)<\/li>\n<\/ul>\n<p style=\"text-align: justify;\">In caso di parit\u00e0 di punteggio si dar\u00e0 precedenza all&#8217;et\u00e0 anagrafica (titolo di precedenza ai\u00a0giovani) e a ulteriore parit\u00e0 per anzianit\u00e0 di iscrizione al CAI. La graduatoria sar\u00e0 utilizzata in caso anche di domande di iscrizione superiore al numero\u00a0massimo di allievi previsti per determinare in ordine di classifica gli ammessi al corso.<\/p>\n<p style=\"text-align: justify;\">I candidati ammessi riceveranno tempestiva comunicazione con relativo programma delle\u00a0prove di ammissione, tendenti ad accertare l&#8217;effettivo possesso dei requisiti di cui all&#8217;articolo 3 del Regolamento degli Accompagnatori di AG.<\/p>\n<h2 style=\"text-align: justify;\">Modalit\u00e0 e termini di iscrizione<\/h2>\n<p style=\"text-align: justify;\">Le domande di iscrizione (compilate sul facsimile allegato al bando e controfirmate dal\u00a0presidente sezionale) al corso indirizzate alla Scuola Interregionale di Alpinismo Giovanile\u00a0LPV dovranno pervenire entro il 15 marzo 2017 alla segreteria della Commissione\u00a0Interregionale di AG all&#8217;indirizzo mail aglpv@cai.it<\/p>\n<p style=\"text-align: justify;\">Le <a href=\"https:\/\/drive.google.com\/file\/d\/0B9Rb41itgsILOUZvczd6NWQxck0\/view?usp=sharing\" target=\"_blank\" rel=\"noopener noreferrer\">domande di iscrizione (scarica il modello di facsimile di domanda)<\/a> al corso devono pervenire corredate da:<\/p>\n<ul>\n<li>fotografia formato tessera in formato jpeg<\/li>\n<li><a href=\"https:\/\/drive.google.com\/file\/d\/0B9Rb41itgsILbmQxNDVZSXI3dkE\/view?usp=sharing\" target=\"_blank\" rel=\"noopener noreferrer\">curriculum di attivit\u00e0 personale associazionistica (scarica il facsimile di modello)<\/a>, di AG ed alpinistica, che dovr\u00e0\u00a0contenere le seguenti informazioni:<\/li>\n<\/ul>\n<p style=\"text-align: justify;\">a. (obbligatorie) attivit\u00e0 autonome e auto progettate;<\/p>\n<p style=\"text-align: justify;\">b. attivit\u00e0 geograficamente variegata;<\/p>\n<p style=\"text-align: justify;\">c. (obbligatoria) attivit\u00e0 in ambiente innevato\/glaciale;<\/p>\n<p style=\"text-align: justify;\">d. attivit\u00e0 di accompagnamento (in co-conduzione con AAG-ANAG);<\/p>\n<p style=\"text-align: justify;\">e. supporto all&#8217;attivit\u00e0 didattica verso i giovani.<\/p>\n<p style=\"text-align: justify;\">Il curriculum dovr\u00e0 essere controfirmato dal presidente della Sezione e, se presente,\u00a0dall&#8217;ANAG responsabile della Commissione sezionale o intersezionale di AG, unitamente ad\u00a0altra documentazione ritenuta utile per una migliore valutazione della propria preparazione<\/p>\n<p style=\"text-align: justify;\">Gli allievi che riceveranno la conferma di iscrizione al corso, dovranno presentarsi alle prove\u00a0di ammissione muniti di un certificato medico di idoneit\u00e0 all&#8217;attivit\u00e0 sportiva non agonistica,\u00a0redatto in data non anteriore a quattro mesi prima della data di presentazione della domanda di iscrizione.<\/p>\n<p style=\"text-align: justify;\">Le domande di iscrizione verranno registrate in ordine di arrivo cronologico delle mail.<\/p>\n<h2 style=\"text-align: justify;\">Quota di partecipazione<\/h2>\n<p style=\"text-align: justify;\">La quota di partecipazione al corso, comprensiva di vitto e alloggio, \u00e8 di \u00ac 600 e dovr\u00e0 essere\u00a0versata come segue:<\/p>\n<p style=\"text-align: justify;\">&#8211; quota di iscrizione alle prove di selezione al corso di \u00ac 200, da versare entro sette\u00a0giorni dalla comunicazione di ammissione alle prove di selezione con bonifico<\/p>\n<p style=\"text-align: justify;\">bancario secondo le informazioni che verranno date all&#8217;atto della comunicazione\u00a0medesima e contenente: ISCRIZIONE XV CORSO AAG &#8211; COGNOME e NOME, SEZIONE,DI APPARTENENZA<\/p>\n<p style=\"text-align: justify;\">&#8211; saldo di \u00ac 400, che verseranno soltanto i candidati ammessi al corso con le modalit\u00e0 che saranno in seguito comunicate.<\/p>\n<p style=\"text-align: justify;\">La quota di partecipazione comprende i pernottamenti, i pasti (ad esclusione dal pranzo del\u00a0pranzo del giorno di arrivo) e il materiale didattico. Non comprende i costi di trasferimento da e per le sedi del corso.<\/p>\n<h2 style=\"text-align: justify;\">Informazioni<\/h2>\n<p>Segreteria Commissione AG LPV: mail: aglpv@cai.it \u2212 Fabio Pellegrino cell. 347 7444560<\/p>\n","protected":false},"excerpt":{"rendered":"<p>XV Corso di qualifica per\u00a0Accompagnatori di Alpinismo Giovanile (AAG) Area Liguria Piemonte Valle d&#8217;Aosta (LPV) La Scuola Interregionale di Alpinismo Giovanile LPV, su mandato della Commissione\u00a0Interregionale di Alpinismo Giovanile LPV, [&hellip;]<\/p>\n","protected":false},"author":1,"featured_media":36,"comment_status":"closed","ping_status":"open","template":"","meta":{"_tribe_events_status":"","_tribe_events_status_reason":"","footnotes":""},"tags":[8],"tribe_events_cat":[],"_links":{"self":[{"href":"https:\/\/organizzazione.cai.it\/commissione-centrale-alpinismo-giovanile-liguria-piemonte-valle-daosta\/wp-json\/wp\/v2\/tribe_events\/328"}],"collection":[{"href":"https:\/\/organizzazione.cai.it\/commissione-centrale-alpinismo-giovanile-liguria-piemonte-valle-daosta\/wp-json\/wp\/v2\/tribe_events"}],"about":[{"href":"https:\/\/organizzazione.cai.it\/commissione-centrale-alpinismo-giovanile-liguria-piemonte-valle-daosta\/wp-json\/wp\/v2\/types\/tribe_events"}],"author":[{"embeddable":true,"href":"https:\/\/organizzazione.cai.it\/commissione-centrale-alpinismo-giovanile-liguria-piemonte-valle-daosta\/wp-json\/wp\/v2\/users\/1"}],"replies":[{"embeddable":true,"href":"https:\/\/organizzazione.cai.it\/commissione-centrale-alpinismo-giovanile-liguria-piemonte-valle-daosta\/wp-json\/wp\/v2\/comments?post=328"}],"version-history":[{"count":1,"href":"https:\/\/organizzazione.cai.it\/commissione-centrale-alpinismo-giovanile-liguria-piemonte-valle-daosta\/wp-json\/wp\/v2\/tribe_events\/328\/revisions"}],"predecessor-version":[{"id":397,"href":"https:\/\/organizzazione.cai.it\/commissione-centrale-alpinismo-giovanile-liguria-piemonte-valle-daosta\/wp-json\/wp\/v2\/tribe_events\/328\/revisions\/397"}],"wp:featuredmedia":[{"embeddable":true,"href":"https:\/\/organizzazione.cai.it\/commissione-centrale-alpinismo-giovanile-liguria-piemonte-valle-daosta\/wp-json\/wp\/v2\/media\/36"}],"wp:attachment":[{"href":"https:\/\/organizzazione.cai.it\/commissione-centrale-alpinismo-giovanile-liguria-piemonte-valle-daosta\/wp-json\/wp\/v2\/media?parent=328"}],"wp:term":[{"taxonomy":"post_tag","embeddable":true,"href":"https:\/\/organizzazione.cai.it\/commissione-centrale-alpinismo-giovanile-liguria-piemonte-valle-daosta\/wp-json\/wp\/v2\/tags?post=328"},{"taxonomy":"tribe_events_cat","embeddable":true,"href":"https:\/\/organizzazione.cai.it\/commissione-centrale-alpinismo-giovanile-liguria-piemonte-valle-daosta\/wp-json\/wp\/v2\/tribe_events_cat?post=328"}],"curies":[{"name":"wp","href":"https:\/\/api.w.org\/{rel}","templated":true}]}}

<h1 style="text-align: center;">XV Corso di qualifica per Accompagnatori di Alpinismo Giovanile (AAG)</h1>
<h1 style="text-align: center;">Area Liguria Piemonte Valle d&#8217;Aosta (LPV)</h1>
<p style="text-align: justify;">La Scuola Interregionale di Alpinismo Giovanile LPV, su mandato della Commissione Interregionale di Alpinismo Giovanile LPV, organizza il XV Corso di qualifica per Accompagnatori di Alpinismo Giovanile area Liguria Piemonte Valle d&#8217;Aosta.</p>
<p style="text-align: justify;"><a href="https://drive.google.com/file/d/0B9Rb41itgsILOGdWOGdpSnBkdjQ/view?usp=sharing" target="_blank" rel="noopener noreferrer"><strong>SCARICA IL BANDO COMPLETO DEL XV CORSO AAG IN AREA LPV</strong></a></p>
<p style="text-align: justify;">Quella di Accompagnatore di Alpinismo Giovanile (AAG) è una qualifica ufficiale del CAI, rilasciata dal Presidente Generale, che viene ottenuta superando un apposito corso. Le caratteristiche che un AAG deve possedere sono quelle elencate nell&#8217;articolo 3 del Regolamento Accompagnatori:</p>
<p>&#8211; capacità tecnico-alpinistiche tali da garantire la massima sicurezza in montagna anche in situazioni di emergenza.</p>
<p>&#8211; conoscenze generali di base per poter frequentare responsabilmente la montagna nel pieno ed attivo rispetto dell&#8217;ambiente.</p>
<p>&#8211; attitudini organizzative, didattiche ed educative tali da consentire un corretto e proficuo rapporto con i giovani.</p>
<h2>Date di svolgimento del corso</h2>
<p>&#8211; 31 marzo − 2 aprile 2017 Selezioni località Monte Bracco − Valle Po (CN)</p>
<p>&#8211; 6-9 luglio 2017 1° modulo &#8211; Val Formazza &#8211; Rifugio Margaroli (VB)</p>
<p>&#8211; 14-17 settembre 2017 2° modulo &#8211; Sant&#8217;Anna di Vinadio − Valle Stura (CN)</p>
<h2 style="text-align: justify;">Destinatari</h2>
<p style="text-align: justify;">Ai sensi dell&#8217;art. 24 del Regolamento per gli organi tecnici operativi centrali e territoriali del Club Alpino Italiano approvato dal Consiglio Centrale nella seduta del 26 novembre 2016 il corso è indirizzato a tutti i soci CAI che possiedono i seguenti requisiti:</p>
<ul>
<li>avere compiuto 18 anni</li>
<li>essere iscritto al CAI da almeno due anni;</li>
<li>godimento dei diritti civili.</li>
<li style="text-align: justify;">aver conseguito la qualifica di Accompagnatore Sezionale di AG (ASAG) o avere svolto attività di Sezione specifica per almeno un anno, certificata dal relativo presidente di Sezione.</li>
</ul>
<p style="text-align: justify;">I candidati si impegnano, qualora ottengano la nomina, ad operare attivamente nell&#8217;AG, ai sensi del Regolamento degli Accompagnatori di AG.</p>
<h2 style="text-align: justify;">Sedi e calendario del corso</h2>
<p style="text-align: justify;">Il corso è articolato in più fasi:</p>
<ul>
<li>Prove di ammissione (31 marzo &#8211; 2 aprile 2017)</li>
</ul>
<p style="text-align: justify;">In questa fase si svolgeranno le prove di ammissione atte a verificare l&#8217;idoneità dei candidati per la partecipazione al corso. Le prove avranno come sede il sito del Monte Bracco, nel comune di Sanfront in Valle Po in provincia di Cuneo, situata ai piedi del massiccio del Monviso. Base per il soggiorno e le prove a tavolino sarà il rifugio la Via del Sale in Sanfront.</p>
<p style="text-align: justify;">PREREQUISITI OGGETTO DI VERIFICA ALLA PRESELEZIONE SONO RIPORTATI NELLA <strong><a href="https://drive.google.com/file/d/0B9Rb41itgsILYWFkU1kyMmRtSGM/view?usp=sharing" target="_blank" rel="noopener noreferrer">PRESENTAZIONE DEL CORSO (clicca per aprire il link) </a></strong></p>
<ul>
<li>Prima sessione (6-9 luglio 2017)</li>
</ul>
<p style="text-align: justify;">Inizia il corso vero e proprio con soggiorno in un rifugio di montagna ed è destinata quindi ad una serie di lezioni teoriche ed alle quotidiane esercitazioni pratiche sul terreno sulle materie oggetto dell&#8217;AG, come previsto dai piani formativi della nostra specialità. Questa sessione si svolgerà presso il rifugio Margaroli (m. 2.194 s.l.m.), si trova in Val Formazza, in bella posizione su un dosso tra l&#8217;Alpe Vannino e la diga del lago omonimo, alla testata del Vallone del Vannino.</p>
<ul>
<li> Seconda sessione (14-17 settembre 2017)</li>
</ul>
<p style="text-align: justify;">La seconda sessione avrà sede al Santuario di Sant&#8217;Anna di Vinadio (m. 2010 s.l.m.) che si trova nel cuore dell&#8217;alta Valle Stura di Demonte in provincia di Cuneo. Base per il soggiorno saranno le strutture ricettive del Santuario</p>
<h2 style="text-align: justify;">Condizioni generali</h2>
<p style="text-align: justify;">Al corso saranno ammessi un massimo di 30 partecipanti, e sarà svolto con almeno 12 iscrizioni valide. In caso di mancata accettazione alla prima fase, cioè alle prove di ammissione, la quota di iscrizione sarà interamente restituita all&#8217;interessato.</p>
<p style="text-align: justify;">In fase di ricevimento della domanda la scuola redigerà una graduatoria delle stesse secondo il seguente schema:</p>
<ul>
<li>Possesso del titolo di ASAG</li>
<li>Attestazione di partecipazione a corsi Alpinismo, sci alpinismo, arrampicata, ecc.</li>
<li>Attestazione di attività in ambito di AG</li>
<li>Altri titoli CAI (AE, ISA, IA, IAR, ecc.)</li>
</ul>
<p style="text-align: justify;">In caso di parità di punteggio si darà precedenza all&#8217;età anagrafica (titolo di precedenza ai giovani) e a ulteriore parità per anzianità di iscrizione al CAI. La graduatoria sarà utilizzata in caso anche di domande di iscrizione superiore al numero massimo di allievi previsti per determinare in ordine di classifica gli ammessi al corso.</p>
<p style="text-align: justify;">I candidati ammessi riceveranno tempestiva comunicazione con relativo programma delle prove di ammissione, tendenti ad accertare l&#8217;effettivo possesso dei requisiti di cui all&#8217;articolo 3 del Regolamento degli Accompagnatori di AG.</p>
<h2 style="text-align: justify;">Modalità e termini di iscrizione</h2>
<p style="text-align: justify;">Le domande di iscrizione (compilate sul facsimile allegato al bando e controfirmate dal presidente sezionale) al corso indirizzate alla Scuola Interregionale di Alpinismo Giovanile LPV dovranno pervenire entro il 15 marzo 2017 alla segreteria della Commissione Interregionale di AG all&#8217;indirizzo mail aglpv@cai.it</p>
<p style="text-align: justify;">Le <a href="https://drive.google.com/file/d/0B9Rb41itgsILOUZvczd6NWQxck0/view?usp=sharing" target="_blank" rel="noopener noreferrer">domande di iscrizione (scarica il modello di facsimile di domanda)</a> al corso devono pervenire corredate da:</p>
<ul>
<li>fotografia formato tessera in formato jpeg</li>
<li><a href="https://drive.google.com/file/d/0B9Rb41itgsILbmQxNDVZSXI3dkE/view?usp=sharing" target="_blank" rel="noopener noreferrer">curriculum di attività personale associazionistica (scarica il facsimile di modello)</a>, di AG ed alpinistica, che dovrà contenere le seguenti informazioni:</li>
</ul>
<p style="text-align: justify;">a. (obbligatorie) attività autonome e auto progettate;</p>
<p style="text-align: justify;">b. attività geograficamente variegata;</p>
<p style="text-align: justify;">c. (obbligatoria) attività in ambiente innevato/glaciale;</p>
<p style="text-align: justify;">d. attività di accompagnamento (in co-conduzione con AAG-ANAG);</p>
<p style="text-align: justify;">e. supporto all&#8217;attività didattica verso i giovani.</p>
<p style="text-align: justify;">Il curriculum dovrà essere controfirmato dal presidente della Sezione e, se presente, dall&#8217;ANAG responsabile della Commissione sezionale o intersezionale di AG, unitamente ad altra documentazione ritenuta utile per una migliore valutazione della propria preparazione</p>
<p style="text-align: justify;">Gli allievi che riceveranno la conferma di iscrizione al corso, dovranno presentarsi alle prove di ammissione muniti di un certificato medico di idoneità all&#8217;attività sportiva non agonistica, redatto in data non anteriore a quattro mesi prima della data di presentazione della domanda di iscrizione.</p>
<p style="text-align: justify;">Le domande di iscrizione verranno registrate in ordine di arrivo cronologico delle mail.</p>
<h2 style="text-align: justify;">Quota di partecipazione</h2>
<p style="text-align: justify;">La quota di partecipazione al corso, comprensiva di vitto e alloggio, è di ¬ 600 e dovrà essere versata come segue:</p>
<p style="text-align: justify;">&#8211; quota di iscrizione alle prove di selezione al corso di ¬ 200, da versare entro sette giorni dalla comunicazione di ammissione alle prove di selezione con bonifico</p>
<p style="text-align: justify;">bancario secondo le informazioni che verranno date all&#8217;atto della comunicazione medesima e contenente: ISCRIZIONE XV CORSO AAG &#8211; COGNOME e NOME, SEZIONE,DI APPARTENENZA</p>
<p style="text-align: justify;">&#8211; saldo di ¬ 400, che verseranno soltanto i candidati ammessi al corso con le modalità che saranno in seguito comunicate.</p>
<p style="text-align: justify;">La quota di partecipazione comprende i pernottamenti, i pasti (ad esclusione dal pranzo del pranzo del giorno di arrivo) e il materiale didattico. Non comprende i costi di trasferimento da e per le sedi del corso.</p>
<h2 style="text-align: justify;">Informazioni</h2>
<p>Segreteria Commissione AG LPV: mail: aglpv@cai.it − Fabio Pellegrino cell. 347 7444560</p>
