{"id":351,"date":"2015-08-31T22:00:00","date_gmt":"2015-08-31T22:00:00","guid":{"rendered":"https:\/\/organizzazione.cai.it\/commissione-centrale-alpinismo-giovanile-liguria-piemonte-val-daosta\/evento\/corso-asag-scuola-est-m-rosa-2015\/"},"modified":"2024-11-15T18:39:40","modified_gmt":"2024-11-15T18:39:40","slug":"corso-asag-scuola-est-m-rosa-2015","status":"publish","type":"tribe_events","link":"https:\/\/organizzazione.cai.it\/commissione-centrale-alpinismo-giovanile-liguria-piemonte-valle-daosta\/evento\/corso-asag-scuola-est-m-rosa-2015\/","title":{"rendered":"Corso Asag Scuola Est M. Rosa 2015 &#8211; Lpv"},"content":{"rendered":"<p>La Scuola di Alpinismo Giovanile Sezioni Est Monte Rosa organizza<br \/>\n8\u00b0 CORSO ACCOMPAGNATORI SEZIONALI DI ALPINISMO GIOVANILE<br \/>\nIl corso \u00e8 indirizzato a tutti i soci CAI che possiedono i seguenti requisiti:<br \/>\n\u2022 maggiore et\u00e0 e che non abbiano superato i 45 anni; nel caso in cui il candidato abbia un&#8217;et\u00e0 superiore ai 45 anni, la Scuola, valutato il curriculum, avvier\u00e0 motivata richiesta di deroga all&#8217;Otto LPV per l&#8217;eventuale concessione<br \/>\n\u2022 essere in regola con l&#8217;iscrizione CAI con almeno 2 bollini consecutivi;<br \/>\n\u2022 godimento dei diritti civili;<br \/>\n\u2022 motivazione a lavorare con i giovani ed attitudine al lavoro di squadra<br \/>\n\u2022 padronanza e sicurezza su percorsi di difficolt\u00e0 EE-EEA<br \/>\nI candidati si impegnano, qualora ottengano la nomina, ad operare attivamente nell&#8217;AG, ai sensi del Regolamento degli Accompagnatori di AG.<\/p>\n<p>&nbsp;<\/p>\n","protected":false},"excerpt":{"rendered":"<p>La Scuola di Alpinismo Giovanile Sezioni Est Monte Rosa organizza 8\u00b0 CORSO ACCOMPAGNATORI SEZIONALI DI ALPINISMO GIOVANILE Il corso \u00e8 indirizzato a tutti i soci CAI che possiedono i seguenti [&hellip;]<\/p>\n","protected":false},"author":1,"featured_media":352,"comment_status":"closed","ping_status":"open","template":"","meta":{"_tribe_events_status":"","_tribe_events_status_reason":"","footnotes":""},"tags":[8],"tribe_events_cat":[],"_links":{"self":[{"href":"https:\/\/organizzazione.cai.it\/commissione-centrale-alpinismo-giovanile-liguria-piemonte-valle-daosta\/wp-json\/wp\/v2\/tribe_events\/351"}],"collection":[{"href":"https:\/\/organizzazione.cai.it\/commissione-centrale-alpinismo-giovanile-liguria-piemonte-valle-daosta\/wp-json\/wp\/v2\/tribe_events"}],"about":[{"href":"https:\/\/organizzazione.cai.it\/commissione-centrale-alpinismo-giovanile-liguria-piemonte-valle-daosta\/wp-json\/wp\/v2\/types\/tribe_events"}],"author":[{"embeddable":true,"href":"https:\/\/organizzazione.cai.it\/commissione-centrale-alpinismo-giovanile-liguria-piemonte-valle-daosta\/wp-json\/wp\/v2\/users\/1"}],"replies":[{"embeddable":true,"href":"https:\/\/organizzazione.cai.it\/commissione-centrale-alpinismo-giovanile-liguria-piemonte-valle-daosta\/wp-json\/wp\/v2\/comments?post=351"}],"version-history":[{"count":1,"href":"https:\/\/organizzazione.cai.it\/commissione-centrale-alpinismo-giovanile-liguria-piemonte-valle-daosta\/wp-json\/wp\/v2\/tribe_events\/351\/revisions"}],"predecessor-version":[{"id":409,"href":"https:\/\/organizzazione.cai.it\/commissione-centrale-alpinismo-giovanile-liguria-piemonte-valle-daosta\/wp-json\/wp\/v2\/tribe_events\/351\/revisions\/409"}],"wp:featuredmedia":[{"embeddable":true,"href":"https:\/\/organizzazione.cai.it\/commissione-centrale-alpinismo-giovanile-liguria-piemonte-valle-daosta\/wp-json\/wp\/v2\/media\/352"}],"wp:attachment":[{"href":"https:\/\/organizzazione.cai.it\/commissione-centrale-alpinismo-giovanile-liguria-piemonte-valle-daosta\/wp-json\/wp\/v2\/media?parent=351"}],"wp:term":[{"taxonomy":"post_tag","embeddable":true,"href":"https:\/\/organizzazione.cai.it\/commissione-centrale-alpinismo-giovanile-liguria-piemonte-valle-daosta\/wp-json\/wp\/v2\/tags?post=351"},{"taxonomy":"tribe_events_cat","embeddable":true,"href":"https:\/\/organizzazione.cai.it\/commissione-centrale-alpinismo-giovanile-liguria-piemonte-valle-daosta\/wp-json\/wp\/v2\/tribe_events_cat?post=351"}],"curies":[{"name":"wp","href":"https:\/\/api.w.org\/{rel}","templated":true}]}}

<p>La Scuola di Alpinismo Giovanile Sezioni Est Monte Rosa organizza<br />
8° CORSO ACCOMPAGNATORI SEZIONALI DI ALPINISMO GIOVANILE<br />
Il corso è indirizzato a tutti i soci CAI che possiedono i seguenti requisiti:<br />
• maggiore età e che non abbiano superato i 45 anni; nel caso in cui il candidato abbia un&#8217;età superiore ai 45 anni, la Scuola, valutato il curriculum, avvierà motivata richiesta di deroga all&#8217;Otto LPV per l&#8217;eventuale concessione<br />
• essere in regola con l&#8217;iscrizione CAI con almeno 2 bollini consecutivi;<br />
• godimento dei diritti civili;<br />
• motivazione a lavorare con i giovani ed attitudine al lavoro di squadra<br />
• padronanza e sicurezza su percorsi di difficoltà EE-EEA<br />
I candidati si impegnano, qualora ottengano la nomina, ad operare attivamente nell&#8217;AG, ai sensi del Regolamento degli Accompagnatori di AG.</p>
<p>&nbsp;</p>

<p>La Scuola di Alpinismo Giovanile Sezioni Est Monte Rosa organizza 8° CORSO ACCOMPAGNATORI SEZIONALI DI ALPINISMO GIOVANILE Il corso è indirizzato a tutti i soci CAI che possiedono i seguenti [&hellip;]</p>
