{"id":304,"date":"2019-11-22T23:00:00","date_gmt":"2019-11-22T23:00:00","guid":{"rendered":"https:\/\/organizzazione.cai.it\/commissione-centrale-alpinismo-giovanile-lombardia\/evento\/vidimazioni-e-mappatura-attivita-2019-2\/"},"modified":"2024-11-16T15:37:07","modified_gmt":"2024-11-16T15:37:07","slug":"vidimazioni-e-mappatura-attivita-2019-2","status":"publish","type":"tribe_events","link":"https:\/\/organizzazione.cai.it\/commissione-centrale-alpinismo-giovanile-lombardia\/evento\/vidimazioni-e-mappatura-attivita-2019-2\/","title":{"rendered":"Vidimazioni E Mappatura Attivit\u00e0 2019"},"content":{"rendered":"<p style=\"text-align: justify;\">Eccovi le modalit\u00e0 per <strong style=\"font-family: Arial;\">l&#8217;invio delle relazioni di attivit\u00e0 degli Accompagnatori per le vidimazioni del triennio 2017-2019 e delle schede di mappatura attivit\u00e0 2019<\/strong>    delle Commissioni sezionali\/intersezionali di AG.<\/p>\n<p style=\"text-align: justify; font-family: Arial;\">Ogni Commissione, attraverso un proprio Referente\/Responsabile, si far\u00e0 carico di inviare le relazioni di tutti gli accompagnatori, nonch\u00e9 la scheda di<br \/>\n    mappatura 2019.<\/p>\n<p style=\"text-align: justify; font-family: Arial;\">L&#8217;invio delle relazioni avverr\u00e0 <strong>solo tramite procedura on-line<\/strong> (non sono previsti invii via e-mail e consegne in forma cartacea). Dovr\u00e0<br \/>\n    essere effettuato un unico invio per ciascuna Commissione.<\/p>\n<p style=\"text-align: justify; font-family: Arial; color: rgb(192, 80, 77);\"><strong><u>La scadenza \u00e8 prorogata al 31\/12\/2019<\/u><\/strong> <\/p>\n<p style=\"text-align: justify; font-family: Arial;\"><strong>&nbsp;<\/strong>\n<\/p>\n<p style=\"text-align: justify; font-family: Arial;\"><strong><u>Istruzioni per gli Accompagnatori<\/u><\/strong>\n<\/p>\n<p style=\"text-align: justify; font-family: Arial;\"> 1. <strong>Rileggere il <a href=\"\/alpinismogiovanile_media\/regolamenti\/6095160_2_ccag-documento-vidimazioni-approvato-01-07-17.pdf\" target=\"_blank\" style=\"color: rgb(192, 80, 77);\" rel=\"noopener noreferrer\">regolamento<\/a> delle     vidimazioni<\/strong>,<br \/>\n    in vigore dal 2017. <\/p>\n<p style=\"text-align: justify; font-family: Arial;\">Si precisa che il numero minimo di 7 giornate di attivit\u00e0 va inteso come numero medio di giornate negli anni considerati. Alla fine di ciascun triennio<br \/>\n    una non vidimazione comporta la sospensione del titolo\/qualifica (con perdita del diritto all&#8217;assicurazione CAI per attivit\u00e0 personale). Dallo stato<br \/>\n    di sospensione si pu\u00f2 rientrare dopo un anno, due anni o tre anni al massimo, dopodich\u00e9 si ha la cancellazione dall&#8217;albo dei Titolati\/Sezionali di<br \/>\n    AG. Chi nel 2020 intender\u00e0 rientrare da una sospensione a richiesta o da una sospensione per non vidimazione, dovr\u00e0 effettuare attivit\u00e0 e aggiornamento<br \/>\n    nel corso dell&#8217;anno 2020, presentando la relazione alla fine del 2020.<\/p>\n<p style=\"text-align: justify; font-family: Arial;\"> 2. <strong>Scaricare la relazione di attivit\u00e0, compilarla, firmarla e farla firmare dal Presidente della Sezione<\/strong> presso la quale si svolge l&#8217;attivit\u00e0<br \/>\n    di AG.<\/p>\n<p style=\"text-align: justify; font-family: Arial;\"> &bull; relazione attivit\u00e0 del triennio 2017-2019 (<a href=\"\/alpinismogiovanile_media\/modulistica\/6634808_2_ag-relazione-attivit\u00e0-triennale - solo triennio 2017-19.docx\" download target=\"_blank\" style=\"font-weight: bold; color: rgb(192, 80, 77);\" rel=\"noopener noreferrer\">word<\/a><strong style=\"color: rgb(192, 80, 77);\">    &#8211;&nbsp;<\/strong><a href=\"\/alpinismogiovanile_media\/modulistica\/6634805_2_ag-relazione-attivit\u00e0-triennale - solo triennio 2017-19.pdf\" target=\"_blank\" style=\"color: rgb(192, 80, 77);\" rel=\"noopener noreferrer\"><strong>pdf<\/strong><\/a>)<\/p>\n<p style=\"text-align: justify; font-family: Arial;\"> &bull; relazione di attivit\u00e0 annuale 2019 (per coloro che rientrano dopo una non vidimazione o sospensione) (<strong><a href=\"\/alpinismogiovanile_media\/modulistica\/6636408_2_6168106_2_ccag-relazione-attivita-annuale.docx\" download target=\"_blank\" style=\"color: rgb(192, 80, 77);\" rel=\"noopener noreferrer\">word<\/a><span style=\"color: rgb(192, 80, 77);\"> &#8211; <\/span><a href=\"\/alpinismogiovanile_media\/modulistica\/6636407_2_6168107_2_ccag-relazione-attivita-annuale.pdf\" target=\"_blank\" style=\"color: rgb(192, 80, 77);\" rel=\"noopener noreferrer\">pdf<\/a><\/strong>)<\/p>\n<p style=\"text-align: justify; font-family: Arial;\">3. Consegnare la relazione compilata e firmata al Referente\/Responsabile della propria Commissione.<\/p>\n<p style=\"text-align: justify; font-family: Arial;\">&nbsp;<\/p>\n<p style=\"text-align: justify; font-family: Arial;\"><strong><u>Istruzioni per i Referenti\/Responsabili delle Commissioni<\/u><\/strong> <\/p>\n<p style=\"text-align: justify; font-family: Arial;\"> 1. <strong>Riunire le relazioni degli Accompagnatori in un unico file .zip che dovr\u00e0 essere nominato come segue: <\/strong><strong>otto-sezione-relazione.zip<\/strong>        (es. vfg-sanpietroincariano-relazione.zip, oppure ter-forli-relazione.zip).<\/p>\n<p style=\"text-align: justify; font-family: Arial;\"><strong>I singoli file delle relazioni degli accompagnatori devono essere in formato pdf<\/strong>, nominati come segue: <strong>otto-sezione-qualifica-cognome-nome.pdf <\/strong>(es:<br \/>\n        vfg-verona-anag-paolo-rossi.pdf). <\/p>\n<p style=\"text-align: justify; font-family: Arial;\"> 2. <strong>Compilare in tutte le sue parti il <a href=\"\/login-ag-inserimento-vidimazioni\" target=\"_blank\" style=\"color: rgb(192, 80, 77);\" rel=\"noopener noreferrer\">modulo on-line<\/a> della mappatura         dell&#8217;attivit\u00e0.<\/strong>        <\/p>\n<p style=\"text-align: justify; font-family: Arial;\">Al fine di agevolare la raccolta dei dati \u00e8 possibile precompilare una <a href=\"\/alpinismogiovanile_media\/modulistica\/4973394_2_ccag-mappatura-ag-cartellina.docx\" download target=\"_blank\" style=\"color: rgb(192, 80, 77);\" rel=\"noopener noreferrer\"><strong>scheda .doc da scaricare<\/strong><\/a>, dalla quale ricopiare poi i dati nel modulo on-line.<\/p>\n<div style=\"font-family: Arial;\">\n    3. <strong>Allegare il file .zip con le relazioni delle attivit\u00e0 degli accompagnatori ed effettuare l&#8217;invio del modulo. <\/strong>Se avete dimenticato<br \/>\n        di compilare qualche campo obbligatorio vi verr\u00e0 richiesta la compilazione dello stesso. Se l&#8217;inserimento \u00e8 corretto verrete reindirizzati ad una<br \/>\n        pagina di conferma.&nbsp; &nbsp; &nbsp; &nbsp; &nbsp; &nbsp; <\/div>\n<div style=\"font-family: Arial;\">&nbsp;<\/div>\n<div style=\"font-family: Arial;\">&nbsp;<\/div>\n<div style=\"font-family: Arial;\">Per informazioni e chiarimenti \u00e8 possibile rivolgersi agli OTTO oppure a:&nbsp;<a href=\"mailto:   ccag@cai.it\">ccag@cai.it<\/a> <\/div>\n","protected":false},"excerpt":{"rendered":"<p>Eccovi le modalit\u00e0 per l&#8217;invio delle relazioni di attivit\u00e0 degli Accompagnatori per le vidimazioni del triennio 2017-2019 e delle schede di mappatura attivit\u00e0 2019 delle Commissioni sezionali\/intersezionali di AG. Ogni [&hellip;]<\/p>\n","protected":false},"author":1,"featured_media":265,"comment_status":"closed","ping_status":"open","template":"","meta":{"_tribe_events_status":"","_tribe_events_status_reason":"","footnotes":""},"tags":[8],"tribe_events_cat":[],"_links":{"self":[{"href":"https:\/\/organizzazione.cai.it\/commissione-centrale-alpinismo-giovanile-lombardia\/wp-json\/wp\/v2\/tribe_events\/304"}],"collection":[{"href":"https:\/\/organizzazione.cai.it\/commissione-centrale-alpinismo-giovanile-lombardia\/wp-json\/wp\/v2\/tribe_events"}],"about":[{"href":"https:\/\/organizzazione.cai.it\/commissione-centrale-alpinismo-giovanile-lombardia\/wp-json\/wp\/v2\/types\/tribe_events"}],"author":[{"embeddable":true,"href":"https:\/\/organizzazione.cai.it\/commissione-centrale-alpinismo-giovanile-lombardia\/wp-json\/wp\/v2\/users\/1"}],"replies":[{"embeddable":true,"href":"https:\/\/organizzazione.cai.it\/commissione-centrale-alpinismo-giovanile-lombardia\/wp-json\/wp\/v2\/comments?post=304"}],"version-history":[{"count":1,"href":"https:\/\/organizzazione.cai.it\/commissione-centrale-alpinismo-giovanile-lombardia\/wp-json\/wp\/v2\/tribe_events\/304\/revisions"}],"predecessor-version":[{"id":339,"href":"https:\/\/organizzazione.cai.it\/commissione-centrale-alpinismo-giovanile-lombardia\/wp-json\/wp\/v2\/tribe_events\/304\/revisions\/339"}],"wp:featuredmedia":[{"embeddable":true,"href":"https:\/\/organizzazione.cai.it\/commissione-centrale-alpinismo-giovanile-lombardia\/wp-json\/wp\/v2\/media\/265"}],"wp:attachment":[{"href":"https:\/\/organizzazione.cai.it\/commissione-centrale-alpinismo-giovanile-lombardia\/wp-json\/wp\/v2\/media?parent=304"}],"wp:term":[{"taxonomy":"post_tag","embeddable":true,"href":"https:\/\/organizzazione.cai.it\/commissione-centrale-alpinismo-giovanile-lombardia\/wp-json\/wp\/v2\/tags?post=304"},{"taxonomy":"tribe_events_cat","embeddable":true,"href":"https:\/\/organizzazione.cai.it\/commissione-centrale-alpinismo-giovanile-lombardia\/wp-json\/wp\/v2\/tribe_events_cat?post=304"}],"curies":[{"name":"wp","href":"https:\/\/api.w.org\/{rel}","templated":true}]}}

Vidimazioni E Mappatura Attività 2019

<p style="text-align: justify;">Eccovi le modalità per <strong style="font-family: Arial;">l&#8217;invio delle relazioni di attività degli Accompagnatori per le vidimazioni del triennio 2017-2019 e delle schede di mappatura attività 2019</strong>    delle Commissioni sezionali/intersezionali di AG.</p>
<p style="text-align: justify; font-family: Arial;">Ogni Commissione, attraverso un proprio Referente/Responsabile, si farà carico di inviare le relazioni di tutti gli accompagnatori, nonché la scheda di<br />
    mappatura 2019.</p>
<p style="text-align: justify; font-family: Arial;">L&#8217;invio delle relazioni avverrà <strong>solo tramite procedura on-line</strong> (non sono previsti invii via e-mail e consegne in forma cartacea). Dovrà<br />
    essere effettuato un unico invio per ciascuna Commissione.</p>
<p style="text-align: justify; font-family: Arial; color: rgb(192, 80, 77);"><strong><u>La scadenza è prorogata al 31/12/2019</u></strong> </p>
<p style="text-align: justify; font-family: Arial;"><strong>&nbsp;</strong>
</p>
<p style="text-align: justify; font-family: Arial;"><strong><u>Istruzioni per gli Accompagnatori</u></strong>
</p>
<p style="text-align: justify; font-family: Arial;"> 1. <strong>Rileggere il <a href="/alpinismogiovanile_media/regolamenti/6095160_2_ccag-documento-vidimazioni-approvato-01-07-17.pdf" target="_blank" style="color: rgb(192, 80, 77);" rel="noopener noreferrer">regolamento</a> delle     vidimazioni</strong>,<br />
    in vigore dal 2017. </p>
<p style="text-align: justify; font-family: Arial;">Si precisa che il numero minimo di 7 giornate di attività va inteso come numero medio di giornate negli anni considerati. Alla fine di ciascun triennio<br />
    una non vidimazione comporta la sospensione del titolo/qualifica (con perdita del diritto all&#8217;assicurazione CAI per attività personale). Dallo stato<br />
    di sospensione si può rientrare dopo un anno, due anni o tre anni al massimo, dopodiché si ha la cancellazione dall&#8217;albo dei Titolati/Sezionali di<br />
    AG. Chi nel 2020 intenderà rientrare da una sospensione a richiesta o da una sospensione per non vidimazione, dovrà effettuare attività e aggiornamento<br />
    nel corso dell&#8217;anno 2020, presentando la relazione alla fine del 2020.</p>
<p style="text-align: justify; font-family: Arial;"> 2. <strong>Scaricare la relazione di attività, compilarla, firmarla e farla firmare dal Presidente della Sezione</strong> presso la quale si svolge l&#8217;attività<br />
    di AG.</p>
<p style="text-align: justify; font-family: Arial;"> &bull; relazione attività del triennio 2017-2019 (<a href="/alpinismogiovanile_media/modulistica/6634808_2_ag-relazione-attività-triennale - solo triennio 2017-19.docx" download target="_blank" style="font-weight: bold; color: rgb(192, 80, 77);" rel="noopener noreferrer">word</a><strong style="color: rgb(192, 80, 77);">    &#8211;&nbsp;</strong><a href="/alpinismogiovanile_media/modulistica/6634805_2_ag-relazione-attività-triennale - solo triennio 2017-19.pdf" target="_blank" style="color: rgb(192, 80, 77);" rel="noopener noreferrer"><strong>pdf</strong></a>)</p>
<p style="text-align: justify; font-family: Arial;"> &bull; relazione di attività annuale 2019 (per coloro che rientrano dopo una non vidimazione o sospensione) (<strong><a href="/alpinismogiovanile_media/modulistica/6636408_2_6168106_2_ccag-relazione-attivita-annuale.docx" download target="_blank" style="color: rgb(192, 80, 77);" rel="noopener noreferrer">word</a><span style="color: rgb(192, 80, 77);"> &#8211; </span><a href="/alpinismogiovanile_media/modulistica/6636407_2_6168107_2_ccag-relazione-attivita-annuale.pdf" target="_blank" style="color: rgb(192, 80, 77);" rel="noopener noreferrer">pdf</a></strong>)</p>
<p style="text-align: justify; font-family: Arial;">3. Consegnare la relazione compilata e firmata al Referente/Responsabile della propria Commissione.</p>
<p style="text-align: justify; font-family: Arial;">&nbsp;</p>
<p style="text-align: justify; font-family: Arial;"><strong><u>Istruzioni per i Referenti/Responsabili delle Commissioni</u></strong> </p>
<p style="text-align: justify; font-family: Arial;"> 1. <strong>Riunire le relazioni degli Accompagnatori in un unico file .zip che dovrà essere nominato come segue: </strong><strong>otto-sezione-relazione.zip</strong>        (es. vfg-sanpietroincariano-relazione.zip, oppure ter-forli-relazione.zip).</p>
<p style="text-align: justify; font-family: Arial;"><strong>I singoli file delle relazioni degli accompagnatori devono essere in formato pdf</strong>, nominati come segue: <strong>otto-sezione-qualifica-cognome-nome.pdf </strong>(es:<br />
        vfg-verona-anag-paolo-rossi.pdf). </p>
<p style="text-align: justify; font-family: Arial;"> 2. <strong>Compilare in tutte le sue parti il <a href="/login-ag-inserimento-vidimazioni" target="_blank" style="color: rgb(192, 80, 77);" rel="noopener noreferrer">modulo on-line</a> della mappatura         dell&#8217;attività.</strong>        </p>
<p style="text-align: justify; font-family: Arial;">Al fine di agevolare la raccolta dei dati è possibile precompilare una <a href="/alpinismogiovanile_media/modulistica/4973394_2_ccag-mappatura-ag-cartellina.docx" download target="_blank" style="color: rgb(192, 80, 77);" rel="noopener noreferrer"><strong>scheda .doc da scaricare</strong></a>, dalla quale ricopiare poi i dati nel modulo on-line.</p>
<div style="font-family: Arial;">
    3. <strong>Allegare il file .zip con le relazioni delle attività degli accompagnatori ed effettuare l&#8217;invio del modulo. </strong>Se avete dimenticato<br />
        di compilare qualche campo obbligatorio vi verrà richiesta la compilazione dello stesso. Se l&#8217;inserimento è corretto verrete reindirizzati ad una<br />
        pagina di conferma.&nbsp; &nbsp; &nbsp; &nbsp; &nbsp; &nbsp; </div>
<div style="font-family: Arial;">&nbsp;</div>
<div style="font-family: Arial;">&nbsp;</div>
<div style="font-family: Arial;">Per informazioni e chiarimenti è possibile rivolgersi agli OTTO oppure a:&nbsp;<a href="mailto:   ccag@cai.it">ccag@cai.it</a> </div>

<p>Eccovi le modalità per l&#8217;invio delle relazioni di attività degli Accompagnatori per le vidimazioni del triennio 2017-2019 e delle schede di mappatura attività 2019 delle Commissioni sezionali/intersezionali di AG. Ogni [&hellip;]</p>
