{"id":305,"date":"2019-10-18T22:00:00","date_gmt":"2019-10-18T22:00:00","guid":{"rendered":"https:\/\/organizzazione.cai.it\/commissione-centrale-alpinismo-giovanile-lombardia\/evento\/ccag-congresso-2019\/"},"modified":"2024-11-16T15:37:19","modified_gmt":"2024-11-16T15:37:19","slug":"ccag-congresso-2019","status":"publish","type":"tribe_events","link":"https:\/\/organizzazione.cai.it\/commissione-centrale-alpinismo-giovanile-lombardia\/evento\/ccag-congresso-2019\/","title":{"rendered":"Congresso Nazionale Di Alpinismo Giovanile 2019"},"content":{"rendered":"<p><em>Gentili Accompagnatrici\/Accompagnatori di AG,<\/em>\n<\/p>\n<p style=\"text-align:justify\"><em>Vi invitiamo a partecipare e a portare il Vostro contributo al prossimo &#8220;CONGRESSO NAZIONALE DI AG, che si svolger\u00e0 sabato 19 e domenica 20 ottobre 2019 a Dolc\u00e9 (VR), ospiti della Sezione e del Gruppo di Alpinismo Giovanile di San Pietro in Cariano (VR).<\/em>\n<\/p>\n<ul>\n<li><em>Questo appuntamento \u00e8 importante per rivedere assieme quanto \u00e8 stato fatto nel triennio 2016-2019, ma soprattutto per programmare e indirizzare lo svolgimento delle attivit\u00e0 future all&#8217;interno del Sodalizio, anche perch\u00e9 in questa sede ci sar\u00e0 la designazione da parte del Congresso dei candidati componenti la <a href=\"http:\/\/archicai.local\/alpinismogiovanile_media\/regolamenti\/5858088_2_ccag-regolamento-otco-otto(02_2017).pdf\" target=\"_blank\" rel=\"noopener\"><strong><u>Commissione Centrale per il triennio 2020-2022<\/u><\/strong><\/a>. Chi fosse interessato alla candidatura faccia pervenire il&nbsp;<a href=\"http:\/\/alpinismogiovanile.cai.it\/modulistica\/6615504_2_Candidatura%20CCAG.pdf\" target=\"_blank\" rel=\"noopener\"><strong><u>modulo compilato<\/u><\/strong><\/a> a <a href=\"mailto:ccag@cai.it\">ccag@cai.it<\/a>, preferibilmente dopo aver condiviso la proposta con il suo OTTO, durante i Congressi territoriali o in altre occasioni di confronto.<\/em>        <\/li>\n<li><strong><em><u>La sede del Congresso sar\u00e0 il <a href=\"https:\/\/www.studiomb2.com\/it\/index.php\/progetti-di-architettura\/item\/406-centro-polifunzionale-dolce\" target=\"_blank\" rel=\"noopener\">Centro Polifunzionale &#8220;PalaDolc\u00e9&#8221;<\/a>, in Via del Casal a Dolc\u00e9 (VR)<\/u><\/em><\/strong><em>, facilmente raggiungibile dall&#8217;autostrada e con mezzi pubblici da Verona, ma anche vicino all&#8217;aeroporto di Verona. Per la cena conviviale e il pernottamento ci sposteremo poi all&#8217;<a href=\"http:\/\/hotelgardesano.it\/\" target=\"_blank\" rel=\"noopener\"><strong><u>Hotel Turistico Gardesano<\/u><\/strong><\/a>, a Bussolengo (VR), distante circa 20 minuti in auto dalla sede del congresso.<\/em>        <\/li>\n<\/ul>\n<p style=\"text-align:justify\"><em><strong>PROGRAMMA<\/strong><\/em>\n<\/p>\n<p style=\"text-align:justify\"><em><strong>Sabato 19 ottobre<\/strong><\/em>\n<\/p>\n<p style=\"text-align:justify\"><em><strong>14:00 <\/strong>Registrazione partecipanti<strong>&nbsp;<\/strong><\/em>\n<\/p>\n<p style=\"text-align:justify\"><em><strong>14:30 <\/strong>Introduzione e Intervento di benvenuto &#8211; Saluto delle autorit\u00e0 &minus; Nomina commissione elettorale<\/em>\n<\/p>\n<p style=\"text-align:justify\"><em><strong>15:00<\/strong> Intervento della Presidenza Generale CAI<strong>&nbsp;<\/strong><\/em>\n<\/p>\n<p style=\"text-align:justify\"><em><strong>15:30 <\/strong>Apertura Lavori &minus; Relazione Triennio CCAG, SCAG<u>&nbsp;<\/u><\/em>\n<\/p>\n<p style=\"text-align:justify\"><em><strong>16:30 <\/strong>Presentazione candidati CCAG per il triennio 2020-22 e apertura votazioni<u>&nbsp;<\/u><\/em>\n<\/p>\n<p style=\"text-align:justify\"><em><strong>17:00 <\/strong>Il nuovo Progetto Educativo e i suoi Temi dopo il Congresso Straordinario del 2018<\/em>\n<\/p>\n<p style=\"text-align:justify\"><em><strong>18:00 <\/strong>I nuovi Piani Didattici per la formazione degli Accompagnatori di AG&nbsp;<\/em>\n<\/p>\n<p style=\"text-align:justify\"><em><strong>18:30 <\/strong>Sospensione votazioni candidati CCAG. Fine lavori e trasferimento in struttura per cena e pernottamento<strong>&nbsp;<\/strong><\/em>\n<\/p>\n<p style=\"text-align:justify\"><em><strong>Domenica 20 ottobre<\/strong><\/em>\n<\/p>\n<p style=\"text-align:justify\"><em><strong>8:30 <\/strong>Registrazione dei partecipanti e riapertura votazioni candidati CCAG per il triennio 2020-22<\/em>\n<\/p>\n<p style=\"text-align:justify\"><em><strong>9:00 <\/strong>Raccontiamoci!! Caratteristiche delle nostre attivit\u00e0 di AG con i ragazzi. Eccellenze, criticit\u00e0 e punti fermi (gruppi di lavoro) &minus; Parola agli Accompagnatori<\/em>\n<\/p>\n<p style=\"text-align:justify\"><em><strong>11:00 <\/strong>Chiusura votazioni candidati CCAG<strong>&nbsp;<\/strong><\/em>\n<\/p>\n<p style=\"text-align:justify\"><em><strong>12:00 <\/strong>Relazione dei gruppi di lavoro &#8211; Parola agli Accompagnatori<\/em>\n<\/p>\n<p style=\"text-align:justify\"><em><strong>13:30 <\/strong>Esito votazioni candidature per rinnovo CCAG &minus; Saluti e conclusioni<\/em>\n<\/p>\n<p style=\"text-align:justify\"><em><strong>14:00 <\/strong>Pranzo a buffet presso la struttura<\/em>\n<\/p>\n<p style=\"text-align:justify\"><em>&nbsp;<\/em>\n<\/p>\n<p style=\"text-align:justify\"><strong><em>Per esigenze organizzative le iscrizioni dovranno essere effettuate entro il 16 ottobre 2019 esclusivamente compilando il&nbsp;<a href=\"https:\/\/docs.google.com\/forms\/d\/e\/1FAIpQLSfNHz3hM90FgiHzQgZEsdcJSZgL0KseEsy6bSmqPw3a_NKAWQ\/viewform?usp=sf_link\" target=\"_blank\" rel=\"noopener\"><u>MODULO ON LINE<\/u><\/a><\/em><\/strong><em>. <\/em><em>Combinazioni possibili:<\/em>\n<\/p>\n<p style=\"text-align:justify\"><em>A)&nbsp;<\/em><em>Sabato e domenica &#8211; Cena sabato, albergo, colazione e pranzo a buffet della domenica: 80 Euro<\/em>\n<\/p>\n<p style=\"text-align:justify\"><em>B)&nbsp;<\/em><em>Sabato e domenica &#8211; Cena sabato e pranzo a buffet della domenica: 60 Euro<\/em>\n<\/p>\n<p style=\"text-align:justify\"><em>C)&nbsp;<\/em><em>Solo sabato con cena: 40 Euro<\/em>\n<\/p>\n<p style=\"text-align:justify\"><em>D)&nbsp;<\/em><em>Solo domenica con pranzo a buffet: 40 Euro<\/em>\n<\/p>\n<p style=\"text-align:justify\"><em>All&#8217;atto della registrazione al Congresso presentare attestazione di bonifico sul conto della Sede Centrale:<\/em>\n<\/p>\n<p style=\"text-align:justify\">CLUB ALPINO ITALIANO<\/p>\n<p style=\"text-align:justify\">BANCA POPOLARE DI SONDRIO &#8211; AGENZIA 21 MILANO &#8211; VIA BONARDI 4 &#8211; 20133 MILANO<\/p>\n<p style=\"text-align:justify\">IBAN: IT48 W056 9601 6200 0000 0200 X27<\/p>\n<p style=\"text-align:justify\"><em>con causale: Nome e Cognome &#8211; Congresso Nazionale di AG ottobre 2019<\/em>\n<\/p>\n<p style=\"text-align:justify\">&nbsp;<\/p>\n<p style=\"text-align:justify\"><em>Per ulteriori informazioni \u00e8 possibile contattare via mail la CCAG o Matteo Spreafico al numero 3462165832 (dopo le ore 17).<\/em>\n<\/p>\n<p style=\"text-align:justify\">&nbsp;<\/p>\n","protected":false},"excerpt":{"rendered":"<p>Gentili Accompagnatrici\/Accompagnatori di AG, Vi invitiamo a partecipare e a portare il Vostro contributo al prossimo &#8220;CONGRESSO NAZIONALE DI AG, che si svolger\u00e0 sabato 19 e domenica 20 ottobre 2019 [&hellip;]<\/p>\n","protected":false},"author":1,"featured_media":267,"comment_status":"closed","ping_status":"open","template":"","meta":{"_tribe_events_status":"","_tribe_events_status_reason":"","footnotes":""},"tags":[7],"tribe_events_cat":[],"_links":{"self":[{"href":"https:\/\/organizzazione.cai.it\/commissione-centrale-alpinismo-giovanile-lombardia\/wp-json\/wp\/v2\/tribe_events\/305"}],"collection":[{"href":"https:\/\/organizzazione.cai.it\/commissione-centrale-alpinismo-giovanile-lombardia\/wp-json\/wp\/v2\/tribe_events"}],"about":[{"href":"https:\/\/organizzazione.cai.it\/commissione-centrale-alpinismo-giovanile-lombardia\/wp-json\/wp\/v2\/types\/tribe_events"}],"author":[{"embeddable":true,"href":"https:\/\/organizzazione.cai.it\/commissione-centrale-alpinismo-giovanile-lombardia\/wp-json\/wp\/v2\/users\/1"}],"replies":[{"embeddable":true,"href":"https:\/\/organizzazione.cai.it\/commissione-centrale-alpinismo-giovanile-lombardia\/wp-json\/wp\/v2\/comments?post=305"}],"version-history":[{"count":1,"href":"https:\/\/organizzazione.cai.it\/commissione-centrale-alpinismo-giovanile-lombardia\/wp-json\/wp\/v2\/tribe_events\/305\/revisions"}],"predecessor-version":[{"id":340,"href":"https:\/\/organizzazione.cai.it\/commissione-centrale-alpinismo-giovanile-lombardia\/wp-json\/wp\/v2\/tribe_events\/305\/revisions\/340"}],"wp:featuredmedia":[{"embeddable":true,"href":"https:\/\/organizzazione.cai.it\/commissione-centrale-alpinismo-giovanile-lombardia\/wp-json\/wp\/v2\/media\/267"}],"wp:attachment":[{"href":"https:\/\/organizzazione.cai.it\/commissione-centrale-alpinismo-giovanile-lombardia\/wp-json\/wp\/v2\/media?parent=305"}],"wp:term":[{"taxonomy":"post_tag","embeddable":true,"href":"https:\/\/organizzazione.cai.it\/commissione-centrale-alpinismo-giovanile-lombardia\/wp-json\/wp\/v2\/tags?post=305"},{"taxonomy":"tribe_events_cat","embeddable":true,"href":"https:\/\/organizzazione.cai.it\/commissione-centrale-alpinismo-giovanile-lombardia\/wp-json\/wp\/v2\/tribe_events_cat?post=305"}],"curies":[{"name":"wp","href":"https:\/\/api.w.org\/{rel}","templated":true}]}}

<p><em>Gentili Accompagnatrici/Accompagnatori di AG,</em>
</p>
<p style="text-align:justify"><em>Vi invitiamo a partecipare e a portare il Vostro contributo al prossimo &#8220;CONGRESSO NAZIONALE DI AG, che si svolgerà sabato 19 e domenica 20 ottobre 2019 a Dolcé (VR), ospiti della Sezione e del Gruppo di Alpinismo Giovanile di San Pietro in Cariano (VR).</em>
</p>
<ul>
<li><em>Questo appuntamento è importante per rivedere assieme quanto è stato fatto nel triennio 2016-2019, ma soprattutto per programmare e indirizzare lo svolgimento delle attività future all&#8217;interno del Sodalizio, anche perché in questa sede ci sarà la designazione da parte del Congresso dei candidati componenti la <a href="http://archicai.local/alpinismogiovanile_media/regolamenti/5858088_2_ccag-regolamento-otco-otto(02_2017).pdf" target="_blank" rel="noopener"><strong><u>Commissione Centrale per il triennio 2020-2022</u></strong></a>. Chi fosse interessato alla candidatura faccia pervenire il&nbsp;<a href="http://alpinismogiovanile.cai.it/modulistica/6615504_2_Candidatura%20CCAG.pdf" target="_blank" rel="noopener"><strong><u>modulo compilato</u></strong></a> a <a href="mailto:ccag@cai.it">ccag@cai.it</a>, preferibilmente dopo aver condiviso la proposta con il suo OTTO, durante i Congressi territoriali o in altre occasioni di confronto.</em>        </li>
<li><strong><em><u>La sede del Congresso sarà il <a href="https://www.studiomb2.com/it/index.php/progetti-di-architettura/item/406-centro-polifunzionale-dolce" target="_blank" rel="noopener">Centro Polifunzionale &#8220;PalaDolcé&#8221;</a>, in Via del Casal a Dolcé (VR)</u></em></strong><em>, facilmente raggiungibile dall&#8217;autostrada e con mezzi pubblici da Verona, ma anche vicino all&#8217;aeroporto di Verona. Per la cena conviviale e il pernottamento ci sposteremo poi all&#8217;<a href="http://hotelgardesano.it/" target="_blank" rel="noopener"><strong><u>Hotel Turistico Gardesano</u></strong></a>, a Bussolengo (VR), distante circa 20 minuti in auto dalla sede del congresso.</em>        </li>
</ul>
<p style="text-align:justify"><em><strong>PROGRAMMA</strong></em>
</p>
<p style="text-align:justify"><em><strong>Sabato 19 ottobre</strong></em>
</p>
<p style="text-align:justify"><em><strong>14:00 </strong>Registrazione partecipanti<strong>&nbsp;</strong></em>
</p>
<p style="text-align:justify"><em><strong>14:30 </strong>Introduzione e Intervento di benvenuto &#8211; Saluto delle autorità &minus; Nomina commissione elettorale</em>
</p>
<p style="text-align:justify"><em><strong>15:00</strong> Intervento della Presidenza Generale CAI<strong>&nbsp;</strong></em>
</p>
<p style="text-align:justify"><em><strong>15:30 </strong>Apertura Lavori &minus; Relazione Triennio CCAG, SCAG<u>&nbsp;</u></em>
</p>
<p style="text-align:justify"><em><strong>16:30 </strong>Presentazione candidati CCAG per il triennio 2020-22 e apertura votazioni<u>&nbsp;</u></em>
</p>
<p style="text-align:justify"><em><strong>17:00 </strong>Il nuovo Progetto Educativo e i suoi Temi dopo il Congresso Straordinario del 2018</em>
</p>
<p style="text-align:justify"><em><strong>18:00 </strong>I nuovi Piani Didattici per la formazione degli Accompagnatori di AG&nbsp;</em>
</p>
<p style="text-align:justify"><em><strong>18:30 </strong>Sospensione votazioni candidati CCAG. Fine lavori e trasferimento in struttura per cena e pernottamento<strong>&nbsp;</strong></em>
</p>
<p style="text-align:justify"><em><strong>Domenica 20 ottobre</strong></em>
</p>
<p style="text-align:justify"><em><strong>8:30 </strong>Registrazione dei partecipanti e riapertura votazioni candidati CCAG per il triennio 2020-22</em>
</p>
<p style="text-align:justify"><em><strong>9:00 </strong>Raccontiamoci!! Caratteristiche delle nostre attività di AG con i ragazzi. Eccellenze, criticità e punti fermi (gruppi di lavoro) &minus; Parola agli Accompagnatori</em>
</p>
<p style="text-align:justify"><em><strong>11:00 </strong>Chiusura votazioni candidati CCAG<strong>&nbsp;</strong></em>
</p>
<p style="text-align:justify"><em><strong>12:00 </strong>Relazione dei gruppi di lavoro &#8211; Parola agli Accompagnatori</em>
</p>
<p style="text-align:justify"><em><strong>13:30 </strong>Esito votazioni candidature per rinnovo CCAG &minus; Saluti e conclusioni</em>
</p>
<p style="text-align:justify"><em><strong>14:00 </strong>Pranzo a buffet presso la struttura</em>
</p>
<p style="text-align:justify"><em>&nbsp;</em>
</p>
<p style="text-align:justify"><strong><em>Per esigenze organizzative le iscrizioni dovranno essere effettuate entro il 16 ottobre 2019 esclusivamente compilando il&nbsp;<a href="https://docs.google.com/forms/d/e/1FAIpQLSfNHz3hM90FgiHzQgZEsdcJSZgL0KseEsy6bSmqPw3a_NKAWQ/viewform?usp=sf_link" target="_blank" rel="noopener"><u>MODULO ON LINE</u></a></em></strong><em>. </em><em>Combinazioni possibili:</em>
</p>
<p style="text-align:justify"><em>A)&nbsp;</em><em>Sabato e domenica &#8211; Cena sabato, albergo, colazione e pranzo a buffet della domenica: 80 Euro</em>
</p>
<p style="text-align:justify"><em>B)&nbsp;</em><em>Sabato e domenica &#8211; Cena sabato e pranzo a buffet della domenica: 60 Euro</em>
</p>
<p style="text-align:justify"><em>C)&nbsp;</em><em>Solo sabato con cena: 40 Euro</em>
</p>
<p style="text-align:justify"><em>D)&nbsp;</em><em>Solo domenica con pranzo a buffet: 40 Euro</em>
</p>
<p style="text-align:justify"><em>All&#8217;atto della registrazione al Congresso presentare attestazione di bonifico sul conto della Sede Centrale:</em>
</p>
<p style="text-align:justify">CLUB ALPINO ITALIANO</p>
<p style="text-align:justify">BANCA POPOLARE DI SONDRIO &#8211; AGENZIA 21 MILANO &#8211; VIA BONARDI 4 &#8211; 20133 MILANO</p>
<p style="text-align:justify">IBAN: IT48 W056 9601 6200 0000 0200 X27</p>
<p style="text-align:justify"><em>con causale: Nome e Cognome &#8211; Congresso Nazionale di AG ottobre 2019</em>
</p>
<p style="text-align:justify">&nbsp;</p>
<p style="text-align:justify"><em>Per ulteriori informazioni è possibile contattare via mail la CCAG o Matteo Spreafico al numero 3462165832 (dopo le ore 17).</em>
</p>
<p style="text-align:justify">&nbsp;</p>

<p>Gentili Accompagnatrici/Accompagnatori di AG, Vi invitiamo a partecipare e a portare il Vostro contributo al prossimo &#8220;CONGRESSO NAZIONALE DI AG, che si svolgerà sabato 19 e domenica 20 ottobre 2019 [&hellip;]</p>
