{"id":227,"date":"2019-03-04T23:00:00","date_gmt":"2019-03-04T23:00:00","guid":{"rendered":"https:\/\/organizzazione.cai.it\/commissione-centrale-alpinismo-giovanile-marche-umbria\/evento\/la-via-dellacqua-e-dei-mulini\/"},"modified":"2024-11-16T16:37:53","modified_gmt":"2024-11-16T16:37:53","slug":"la-via-dellacqua-e-dei-mulini","status":"publish","type":"tribe_events","link":"https:\/\/organizzazione.cai.it\/commissione-centrale-alpinismo-giovanile-marche-umbria\/evento\/la-via-dellacqua-e-dei-mulini\/","title":{"rendered":"La Via dell&#8217;acqua e dei Mulini"},"content":{"rendered":"<p>Domenica 3 marzo 2019,l&#8217;alpinismo giovanile della sezione di Acireale del Club Alpino Italiano con le terze classi delle sezioni B,BS,CS,ALS dell&#8217;alternanza scuola lavoro del&nbsp;liceo scientifico statale Archimede di Acireale con la tutor professoressa Felicia Cutolo, nell&#8217;ambito del corso di formazione di avviamento alla montagna secondo il progetto educativo del CAI, ha svolto una escursione sulla via dell&#8217;acqua e dei mulini di Acireale. Il gruppo con la partecipazione del presidente sezionale Giuseppe&nbsp;Receputo\u00e8 stato guidato dagli accompagnatori AG Rosario Arcidiacono e Antonino&nbsp;Cucuccio. La particolare giornata acese del &#8220;pi\u00f9 bel carnevale di Sicilia&#8221;,&nbsp;ha fatto si che l&#8217;escursione \u00e8 stata colorata con maschere,&nbsp;trucchi e costumi,&nbsp;con la passerella ,&nbsp;premiazione degli studenti partecipanti&nbsp;e in &nbsp;conclusione&nbsp;con la degustazione di dolci tipici di carnevale preparati dal socio Gennaro Cutolo.L&#8217;escursione&nbsp;ha avuto valenze&nbsp;naturalistiche,&nbsp;geovulcanologiche,&nbsp;della storia e tradizioni del territorio acese&nbsp;ed ha arricchito l&#8217;esperienza formativa dei ragazzi.&nbsp;Lungo il percorso \u00e8 stata effettuata una sosta presso la chiesa di S.&nbsp;Andrea nella frazione acese di Baracche di Acireale,&nbsp;dove il parroco don Lorenzo dei frati minori ha fatto una breve riflessione spirituale con la preighiera di S. Francesco, esortando&nbsp;i presenti a voler prendere in considerazione durante&nbsp;o dopo le&nbsp;escursioni&nbsp;quando si pu\u00f2&nbsp;una sosta per la S. Messa.&nbsp;Antonino&nbsp;Cucuccio&nbsp;ha&nbsp;fatto un cenno sulla spiritualit\u00e0 della montagna affermando che&nbsp;l&#8217;alpinista&nbsp;credente o non \u00e8 un idealista e come&nbsp;tale alla ricerca della verit\u00e0.&nbsp;<\/p>\n<p>Antonino&nbsp;Cucuccio&nbsp;AAG Acireale<\/p>\n","protected":false},"excerpt":{"rendered":"<p>Domenica 3 marzo 2019,l&#8217;alpinismo giovanile della sezione di Acireale del Club Alpino Italiano con le terze classi delle sezioni B,BS,CS,ALS dell&#8217;alternanza scuola lavoro del&nbsp;liceo scientifico statale Archimede di Acireale con [&hellip;]<\/p>\n","protected":false},"author":1,"featured_media":228,"comment_status":"closed","ping_status":"open","template":"","meta":{"_tribe_events_status":"","_tribe_events_status_reason":"","footnotes":""},"tags":[7],"tribe_events_cat":[],"_links":{"self":[{"href":"https:\/\/organizzazione.cai.it\/commissione-centrale-alpinismo-giovanile-marche-umbria\/wp-json\/wp\/v2\/tribe_events\/227"}],"collection":[{"href":"https:\/\/organizzazione.cai.it\/commissione-centrale-alpinismo-giovanile-marche-umbria\/wp-json\/wp\/v2\/tribe_events"}],"about":[{"href":"https:\/\/organizzazione.cai.it\/commissione-centrale-alpinismo-giovanile-marche-umbria\/wp-json\/wp\/v2\/types\/tribe_events"}],"author":[{"embeddable":true,"href":"https:\/\/organizzazione.cai.it\/commissione-centrale-alpinismo-giovanile-marche-umbria\/wp-json\/wp\/v2\/users\/1"}],"replies":[{"embeddable":true,"href":"https:\/\/organizzazione.cai.it\/commissione-centrale-alpinismo-giovanile-marche-umbria\/wp-json\/wp\/v2\/comments?post=227"}],"version-history":[{"count":1,"href":"https:\/\/organizzazione.cai.it\/commissione-centrale-alpinismo-giovanile-marche-umbria\/wp-json\/wp\/v2\/tribe_events\/227\/revisions"}],"predecessor-version":[{"id":426,"href":"https:\/\/organizzazione.cai.it\/commissione-centrale-alpinismo-giovanile-marche-umbria\/wp-json\/wp\/v2\/tribe_events\/227\/revisions\/426"}],"wp:featuredmedia":[{"embeddable":true,"href":"https:\/\/organizzazione.cai.it\/commissione-centrale-alpinismo-giovanile-marche-umbria\/wp-json\/wp\/v2\/media\/228"}],"wp:attachment":[{"href":"https:\/\/organizzazione.cai.it\/commissione-centrale-alpinismo-giovanile-marche-umbria\/wp-json\/wp\/v2\/media?parent=227"}],"wp:term":[{"taxonomy":"post_tag","embeddable":true,"href":"https:\/\/organizzazione.cai.it\/commissione-centrale-alpinismo-giovanile-marche-umbria\/wp-json\/wp\/v2\/tags?post=227"},{"taxonomy":"tribe_events_cat","embeddable":true,"href":"https:\/\/organizzazione.cai.it\/commissione-centrale-alpinismo-giovanile-marche-umbria\/wp-json\/wp\/v2\/tribe_events_cat?post=227"}],"curies":[{"name":"wp","href":"https:\/\/api.w.org\/{rel}","templated":true}]}}

<p>Domenica 3 marzo 2019,l&#8217;alpinismo giovanile della sezione di Acireale del Club Alpino Italiano con le terze classi delle sezioni B,BS,CS,ALS dell&#8217;alternanza scuola lavoro del&nbsp;liceo scientifico statale Archimede di Acireale con la tutor professoressa Felicia Cutolo, nell&#8217;ambito del corso di formazione di avviamento alla montagna secondo il progetto educativo del CAI, ha svolto una escursione sulla via dell&#8217;acqua e dei mulini di Acireale. Il gruppo con la partecipazione del presidente sezionale Giuseppe&nbsp;Receputoè stato guidato dagli accompagnatori AG Rosario Arcidiacono e Antonino&nbsp;Cucuccio. La particolare giornata acese del &#8220;più bel carnevale di Sicilia&#8221;,&nbsp;ha fatto si che l&#8217;escursione è stata colorata con maschere,&nbsp;trucchi e costumi,&nbsp;con la passerella ,&nbsp;premiazione degli studenti partecipanti&nbsp;e in &nbsp;conclusione&nbsp;con la degustazione di dolci tipici di carnevale preparati dal socio Gennaro Cutolo.L&#8217;escursione&nbsp;ha avuto valenze&nbsp;naturalistiche,&nbsp;geovulcanologiche,&nbsp;della storia e tradizioni del territorio acese&nbsp;ed ha arricchito l&#8217;esperienza formativa dei ragazzi.&nbsp;Lungo il percorso è stata effettuata una sosta presso la chiesa di S.&nbsp;Andrea nella frazione acese di Baracche di Acireale,&nbsp;dove il parroco don Lorenzo dei frati minori ha fatto una breve riflessione spirituale con la preighiera di S. Francesco, esortando&nbsp;i presenti a voler prendere in considerazione durante&nbsp;o dopo le&nbsp;escursioni&nbsp;quando si può&nbsp;una sosta per la S. Messa.&nbsp;Antonino&nbsp;Cucuccio&nbsp;ha&nbsp;fatto un cenno sulla spiritualità della montagna affermando che&nbsp;l&#8217;alpinista&nbsp;credente o non è un idealista e come&nbsp;tale alla ricerca della verità.&nbsp;</p>
<p>Antonino&nbsp;Cucuccio&nbsp;AAG Acireale</p>
