{"id":341,"date":"2016-02-29T23:00:00","date_gmt":"2016-02-29T23:00:00","guid":{"rendered":"https:\/\/organizzazione.cai.it\/commissione-centrale-alpinismo-giovanile-marche-umbria\/evento\/chi-ha-paura-del-bosco-di-sera\/"},"modified":"2024-11-16T16:49:35","modified_gmt":"2024-11-16T16:49:35","slug":"chi-ha-paura-del-bosco-di-sera","status":"publish","type":"tribe_events","link":"https:\/\/organizzazione.cai.it\/commissione-centrale-alpinismo-giovanile-marche-umbria\/evento\/chi-ha-paura-del-bosco-di-sera\/","title":{"rendered":"Chi ha Paura del Bosco di Sera?"},"content":{"rendered":"<p>&nbsp;<\/p>\n<p style=\"text-align:justify\">Quante volte, da bambini, abbiamo ascoltato fiabe i cui momenti pi\u00f9 tragici erano ambientati nel fitto di un bosco, in una atmosfera cupa e minacciosa?<\/p>\n<p style=\"text-align:justify\">La nostra immaginazione, cos\u00ec duramente influenzata dalle disavventure di Biancaneve col guardiacaccia, di Hansel e Gretel abbandonati dai genitori, di Cappuccetto Rosso alle prese col lupo, si \u00e8 nutrita dello stereotipo che il bosco, ancor peggio se avvolto nelle tenebre, equivalga a pericolo e negativit\u00e0. E cos\u00ec, nel peggiore dei nostri sogni, c&#8217;\u00e8 spesso una foresta buia che non ci promette mai nulla di buono.<\/p>\n<p style=\"text-align:justify\">Tutto ci\u00f2 non scalfisce minimamente la sicurezza degli aquilotti siciliani, semmai l&#8217;esperienza dell&#8217;attraversamento notturno di un sentiero \u00e8 finalizzata a leggere tutti i segnali che la natura ci regala di notte. Se poi il cammino \u00e8 rischiarato dalla luce lunare \u00e8 ancor pi\u00f9 bello stare tutti insieme, spegnendo le lampade frontali per abituare gli occhi ad orientarsi tra gli alberi.<\/p>\n<p style=\"text-align:justify\">Sul fare del tramonto, gli aquilotti delle sezioni di Acireale, Bronte e Catania si sono dati appuntamento in localit\u00e0 &#8220;bosco Cerrita&#8221; &minus; cos\u00ec denominato per la fitta colonia di cerri che caratterizza la vegetazione- per l&#8217;annuale escursione notturna invernale. Negli anni passati c&#8217;e stata la neve a rendere tutto magico e ad impegnare i giovani in allegre ciaspolate culminate in gioiose battaglie di palle di neve. L&#8217; atipico inverno 2016 ha costretto gli accompagnatori a cambiare il programma; il percorso e la destinazione finale, tuttavia, non sono stati certo un ripiego.<\/p>\n<p style=\"text-align:justify\">Lungo il sentiero si incontrano magnifiche testimonianze di ci\u00f2 che resta dell&#8217;attivit\u00e0 pastorale dell&#8217;Etna con la visita ad un vecchio ma ancora integro ovile.Tutto attorno, la fitta cerreta, un tempo propriet\u00e0 di una illustre famiglia nobile siciliana, anticamente sfruttata dai carbonai.<\/p>\n<p style=\"text-align:justify\">La meta dell&#8217;escursione \u00e8 stata ancora pi\u00f9 interessante: si tratta di uno dei pi\u00f9 antichi rifugi privati del versante nord dell&#8217;Etna, costruito nel lontano 1906: il rifugio &#8220;Nido d&#8217;Aquila&#8221; della famiglia Spina, reso fruibile per l&#8217;occasione da uno degli accompagnatori della sezione di Acireale, discendente del proprietario.<\/p>\n<p style=\"text-align:justify\">Nel secolo scorso il rifugio era adibito a dimora di villeggiatura estiva e conserva all&#8217;interno gli arredi d&#8217;epoca. Pur risalente ai primi del Novecento, esso era fornito di comfort non sempre in dotazione nella comuni abitazioni: servizi igienici, cisterna interna per la raccolta e l&#8217;utilizzo dell&#8217;acqua piovana, ampie e comode camere.<\/p>\n<p style=\"text-align:justify\">Ma la caratteristica forse pi\u00f9 singolare \u00e8 costituita dalla presenza nelle spesse mura laviche di finestre monofore a strombo che creavano un ingegnoso sistema di correnti d&#8217;aria tale da refrigerare e conservare le vivande: una intuizione funzionale antesignana dei moderni frigoriferi.<\/p>\n<p style=\"text-align:justify\">In questo contesto da &#8221; macchina del tempo&#8221; si \u00e8 sperimentata per una serata la vita di cento anni fa, facendo a meno della tecnologia che rende comode le nostre case e ritrovando tutto il piacere del convivio.<\/p>\n<p style=\"text-align:justify\">Ormai amici del bosco notturno,gli aquilotti etnei hanno concluso l&#8217;esperienza con l&#8217;ascolto del segreto dialogo delle fronde dei cerri agitati dal vento e con l&#8217;immersione nel buio totale, a lampade frontali spente, per sperimentare la pace profonda della sera.<\/p>\n<p style=\"text-align:justify\">Enrica Piera Paola Messina &#8211; AAG sez. Catania<\/p>\n<p style=\"text-align:justify\">( foto di Antonio Cal\u00ec )<\/p>\n<p>&nbsp;<\/p>\n<p>&nbsp;<\/p>\n<p>&nbsp;<\/p>\n","protected":false},"excerpt":{"rendered":"<p>&nbsp; Quante volte, da bambini, abbiamo ascoltato fiabe i cui momenti pi\u00f9 tragici erano ambientati nel fitto di un bosco, in una atmosfera cupa e minacciosa? La nostra immaginazione, cos\u00ec [&hellip;]<\/p>\n","protected":false},"author":1,"featured_media":342,"comment_status":"closed","ping_status":"open","template":"","meta":{"_tribe_events_status":"","_tribe_events_status_reason":"","footnotes":""},"tags":[7],"tribe_events_cat":[],"_links":{"self":[{"href":"https:\/\/organizzazione.cai.it\/commissione-centrale-alpinismo-giovanile-marche-umbria\/wp-json\/wp\/v2\/tribe_events\/341"}],"collection":[{"href":"https:\/\/organizzazione.cai.it\/commissione-centrale-alpinismo-giovanile-marche-umbria\/wp-json\/wp\/v2\/tribe_events"}],"about":[{"href":"https:\/\/organizzazione.cai.it\/commissione-centrale-alpinismo-giovanile-marche-umbria\/wp-json\/wp\/v2\/types\/tribe_events"}],"author":[{"embeddable":true,"href":"https:\/\/organizzazione.cai.it\/commissione-centrale-alpinismo-giovanile-marche-umbria\/wp-json\/wp\/v2\/users\/1"}],"replies":[{"embeddable":true,"href":"https:\/\/organizzazione.cai.it\/commissione-centrale-alpinismo-giovanile-marche-umbria\/wp-json\/wp\/v2\/comments?post=341"}],"version-history":[{"count":1,"href":"https:\/\/organizzazione.cai.it\/commissione-centrale-alpinismo-giovanile-marche-umbria\/wp-json\/wp\/v2\/tribe_events\/341\/revisions"}],"predecessor-version":[{"id":482,"href":"https:\/\/organizzazione.cai.it\/commissione-centrale-alpinismo-giovanile-marche-umbria\/wp-json\/wp\/v2\/tribe_events\/341\/revisions\/482"}],"wp:featuredmedia":[{"embeddable":true,"href":"https:\/\/organizzazione.cai.it\/commissione-centrale-alpinismo-giovanile-marche-umbria\/wp-json\/wp\/v2\/media\/342"}],"wp:attachment":[{"href":"https:\/\/organizzazione.cai.it\/commissione-centrale-alpinismo-giovanile-marche-umbria\/wp-json\/wp\/v2\/media?parent=341"}],"wp:term":[{"taxonomy":"post_tag","embeddable":true,"href":"https:\/\/organizzazione.cai.it\/commissione-centrale-alpinismo-giovanile-marche-umbria\/wp-json\/wp\/v2\/tags?post=341"},{"taxonomy":"tribe_events_cat","embeddable":true,"href":"https:\/\/organizzazione.cai.it\/commissione-centrale-alpinismo-giovanile-marche-umbria\/wp-json\/wp\/v2\/tribe_events_cat?post=341"}],"curies":[{"name":"wp","href":"https:\/\/api.w.org\/{rel}","templated":true}]}}

<p>&nbsp;</p>
<p style="text-align:justify">Quante volte, da bambini, abbiamo ascoltato fiabe i cui momenti più tragici erano ambientati nel fitto di un bosco, in una atmosfera cupa e minacciosa?</p>
<p style="text-align:justify">La nostra immaginazione, così duramente influenzata dalle disavventure di Biancaneve col guardiacaccia, di Hansel e Gretel abbandonati dai genitori, di Cappuccetto Rosso alle prese col lupo, si è nutrita dello stereotipo che il bosco, ancor peggio se avvolto nelle tenebre, equivalga a pericolo e negatività. E così, nel peggiore dei nostri sogni, c&#8217;è spesso una foresta buia che non ci promette mai nulla di buono.</p>
<p style="text-align:justify">Tutto ciò non scalfisce minimamente la sicurezza degli aquilotti siciliani, semmai l&#8217;esperienza dell&#8217;attraversamento notturno di un sentiero è finalizzata a leggere tutti i segnali che la natura ci regala di notte. Se poi il cammino è rischiarato dalla luce lunare è ancor più bello stare tutti insieme, spegnendo le lampade frontali per abituare gli occhi ad orientarsi tra gli alberi.</p>
<p style="text-align:justify">Sul fare del tramonto, gli aquilotti delle sezioni di Acireale, Bronte e Catania si sono dati appuntamento in località &#8220;bosco Cerrita&#8221; &minus; così denominato per la fitta colonia di cerri che caratterizza la vegetazione- per l&#8217;annuale escursione notturna invernale. Negli anni passati c&#8217;e stata la neve a rendere tutto magico e ad impegnare i giovani in allegre ciaspolate culminate in gioiose battaglie di palle di neve. L&#8217; atipico inverno 2016 ha costretto gli accompagnatori a cambiare il programma; il percorso e la destinazione finale, tuttavia, non sono stati certo un ripiego.</p>
<p style="text-align:justify">Lungo il sentiero si incontrano magnifiche testimonianze di ciò che resta dell&#8217;attività pastorale dell&#8217;Etna con la visita ad un vecchio ma ancora integro ovile.Tutto attorno, la fitta cerreta, un tempo proprietà di una illustre famiglia nobile siciliana, anticamente sfruttata dai carbonai.</p>
<p style="text-align:justify">La meta dell&#8217;escursione è stata ancora più interessante: si tratta di uno dei più antichi rifugi privati del versante nord dell&#8217;Etna, costruito nel lontano 1906: il rifugio &#8220;Nido d&#8217;Aquila&#8221; della famiglia Spina, reso fruibile per l&#8217;occasione da uno degli accompagnatori della sezione di Acireale, discendente del proprietario.</p>
<p style="text-align:justify">Nel secolo scorso il rifugio era adibito a dimora di villeggiatura estiva e conserva all&#8217;interno gli arredi d&#8217;epoca. Pur risalente ai primi del Novecento, esso era fornito di comfort non sempre in dotazione nella comuni abitazioni: servizi igienici, cisterna interna per la raccolta e l&#8217;utilizzo dell&#8217;acqua piovana, ampie e comode camere.</p>
<p style="text-align:justify">Ma la caratteristica forse più singolare è costituita dalla presenza nelle spesse mura laviche di finestre monofore a strombo che creavano un ingegnoso sistema di correnti d&#8217;aria tale da refrigerare e conservare le vivande: una intuizione funzionale antesignana dei moderni frigoriferi.</p>
<p style="text-align:justify">In questo contesto da &#8221; macchina del tempo&#8221; si è sperimentata per una serata la vita di cento anni fa, facendo a meno della tecnologia che rende comode le nostre case e ritrovando tutto il piacere del convivio.</p>
<p style="text-align:justify">Ormai amici del bosco notturno,gli aquilotti etnei hanno concluso l&#8217;esperienza con l&#8217;ascolto del segreto dialogo delle fronde dei cerri agitati dal vento e con l&#8217;immersione nel buio totale, a lampade frontali spente, per sperimentare la pace profonda della sera.</p>
<p style="text-align:justify">Enrica Piera Paola Messina &#8211; AAG sez. Catania</p>
<p style="text-align:justify">( foto di Antonio Calì )</p>
<p>&nbsp;</p>
<p>&nbsp;</p>
<p>&nbsp;</p>

<p>&nbsp; Quante volte, da bambini, abbiamo ascoltato fiabe i cui momenti più tragici erano ambientati nel fitto di un bosco, in una atmosfera cupa e minacciosa? La nostra immaginazione, così [&hellip;]</p>
