{"id":346,"date":"2016-02-01T23:00:00","date_gmt":"2016-02-01T23:00:00","guid":{"rendered":"https:\/\/organizzazione.cai.it\/commissione-centrale-alpinismo-giovanile-marche-umbria\/evento\/la-sicurezza-nellambiente-innevato-delle-montagne-siciliane\/"},"modified":"2024-11-16T16:49:57","modified_gmt":"2024-11-16T16:49:57","slug":"la-sicurezza-nellambiente-innevato-delle-montagne-siciliane","status":"publish","type":"tribe_events","link":"https:\/\/organizzazione.cai.it\/commissione-centrale-alpinismo-giovanile-marche-umbria\/evento\/la-sicurezza-nellambiente-innevato-delle-montagne-siciliane\/","title":{"rendered":"La Sicurezza nell&#8217;ambiente Innevato delle Montagne Siciliane"},"content":{"rendered":"<p>Lo stereotipo da cartolina che vuole la Sicilia terra di spiagge assolate e di sport che nulla hanno a che vedere con la montagna &#8220;vera&#8221; \u00e8 sempre stato ampiamente sconfessato dall&#8217;attivit\u00e0 invernale degli aquilotti di questa regione dalle molteplici sfaccettature. Il programma delle attivit\u00e0 di alpinismo giovanile ha sempre messo in calendario esperienze quali lo sci di fondo e le passeggiate con le ciaspole. Le gite effettuate in regioni del nord e centro Italia hanno inoltre consentito ai ragazzi di vivere esperienze di vario genere sui sentieri alpini e nei ghiacciai. Logico, quindi, che le commissioni siciliane di Alpinismo Giovanile abbiano sempre curato la formazione relativa al corretto comportamento in ambiente innevato, sia in seno alle sezioni sia grazie a giornate dedicate al tema col supporto generoso dei volontari del CNSAS.<\/p>\n<p>In un contesto totalmente discordante da quella che sarebbe stata l&#8217;ambientazione ideale &minus; ma con lieta sorpresa finale &#8211; si \u00e8 svolta la consueta giornata dedicata come ogni inverno alla sicurezza in ambiente innevato.<\/p>\n<p>La manifestazione ha visto la partecipazione di aquilotti , accompagnatori, semplici soci delle sezioni di Pedara, Acireale, Bronte, Catania e tecnici delle Stazioni di soccorso del CNSAS &minus; SASS di Etna Sud ed Etna Nord.<\/p>\n<p>Assenza di innevamento e temperature rigide hanno costretto gli organizzatori a suddividere la giornata in due momenti. Inizialmente, all&#8217;interno del Centro Direzionale Protezione Civile di Nicolosi, si \u00e8 effettuata una lezione teorica condotta dai tecnici del Soccorso Alpino, guidati da Franco Del Campo &#8211; Delegato XXI Z.S. Alpina &#8211; &nbsp;in cui sono state mostrate le attrezzature e i materiali per affrontare in sicurezza l&#8217;ambiente innevato. Attentissimi e curiosi, i ragazzi partecipanti hanno formulato numerose domande, poste col brio tipico dei giovani, per soddisfare il loro innato desiderio di saperne di pi\u00f9 sull&#8217;argomento proposto. Con la disponibilit\u00e0 ben nota a tutti, i tecnici hanno fornito risposte corredate da numerosi esempi adatti al linguaggio dei giovani. Ci si \u00e8 calati sia nei panni dei travolti da valanga sia in quelli dei soccorritori e soprattutto si \u00e8 compreso che esistono dei principi da non sottovalutare mai nell&#8217;organizzazione di una giornata in montagna durante la stagione invernale.<\/p>\n<p>Consultare scrupolosamente il bollettino meteorologico, programmare la gita e studiare l&#8217;itinerario in base alle condizioni dell&#8217;innevamento, assicurarsi di essere in possesso degli strumenti che salvano la vita in caso di eventi tragici, sono questi i concetti che sono stati recepiti dai giovani nel corso della parte teorica della giornata. Non rimaneva che passare alla fase pratica con una esercitazione sull&#8217;uso corretto di ARTVA, pala, sonda e con una simulazione di ricerca dei dispersi.<\/p>\n<p>Lo scenario naturale prescelto \u00e8 stato la pineta dei Monti Rossi a Nicolosi. E&#8217; stato in questo frangente che l&#8217;entusiasmo travolgente dei ragazzi ha preso il sopravvento. In mancanza di una consistente coltre nevosa si \u00e8 nascosto l&#8217;ARTVA sotto le foglie ma il succo ed il valore dell&#8217;esercitazione non \u00e8 stato alterato. Poich\u00e9, per\u00f2, la fortuna aiuta gli audaci, la giornata ha riservato una insperata sorpresa: al repentino calare della temperatura sono arrivati martellanti i fiocchi di neve. Imperturbabili e resi ancor pi\u00f9 gioiosi dalla circostanza, gli aquilotti hanno concluso in un paesaggio impolverato di bianco la loro esercitazione.<\/p>\n<p>Enrica Piera Paola Messina &minus; AAG sez. di Catania<\/p>\n","protected":false},"excerpt":{"rendered":"<p>Lo stereotipo da cartolina che vuole la Sicilia terra di spiagge assolate e di sport che nulla hanno a che vedere con la montagna &#8220;vera&#8221; \u00e8 sempre stato ampiamente sconfessato [&hellip;]<\/p>\n","protected":false},"author":1,"featured_media":347,"comment_status":"closed","ping_status":"open","template":"","meta":{"_tribe_events_status":"","_tribe_events_status_reason":"","footnotes":""},"tags":[7],"tribe_events_cat":[],"_links":{"self":[{"href":"https:\/\/organizzazione.cai.it\/commissione-centrale-alpinismo-giovanile-marche-umbria\/wp-json\/wp\/v2\/tribe_events\/346"}],"collection":[{"href":"https:\/\/organizzazione.cai.it\/commissione-centrale-alpinismo-giovanile-marche-umbria\/wp-json\/wp\/v2\/tribe_events"}],"about":[{"href":"https:\/\/organizzazione.cai.it\/commissione-centrale-alpinismo-giovanile-marche-umbria\/wp-json\/wp\/v2\/types\/tribe_events"}],"author":[{"embeddable":true,"href":"https:\/\/organizzazione.cai.it\/commissione-centrale-alpinismo-giovanile-marche-umbria\/wp-json\/wp\/v2\/users\/1"}],"replies":[{"embeddable":true,"href":"https:\/\/organizzazione.cai.it\/commissione-centrale-alpinismo-giovanile-marche-umbria\/wp-json\/wp\/v2\/comments?post=346"}],"version-history":[{"count":1,"href":"https:\/\/organizzazione.cai.it\/commissione-centrale-alpinismo-giovanile-marche-umbria\/wp-json\/wp\/v2\/tribe_events\/346\/revisions"}],"predecessor-version":[{"id":485,"href":"https:\/\/organizzazione.cai.it\/commissione-centrale-alpinismo-giovanile-marche-umbria\/wp-json\/wp\/v2\/tribe_events\/346\/revisions\/485"}],"wp:featuredmedia":[{"embeddable":true,"href":"https:\/\/organizzazione.cai.it\/commissione-centrale-alpinismo-giovanile-marche-umbria\/wp-json\/wp\/v2\/media\/347"}],"wp:attachment":[{"href":"https:\/\/organizzazione.cai.it\/commissione-centrale-alpinismo-giovanile-marche-umbria\/wp-json\/wp\/v2\/media?parent=346"}],"wp:term":[{"taxonomy":"post_tag","embeddable":true,"href":"https:\/\/organizzazione.cai.it\/commissione-centrale-alpinismo-giovanile-marche-umbria\/wp-json\/wp\/v2\/tags?post=346"},{"taxonomy":"tribe_events_cat","embeddable":true,"href":"https:\/\/organizzazione.cai.it\/commissione-centrale-alpinismo-giovanile-marche-umbria\/wp-json\/wp\/v2\/tribe_events_cat?post=346"}],"curies":[{"name":"wp","href":"https:\/\/api.w.org\/{rel}","templated":true}]}}

<p>Lo stereotipo da cartolina che vuole la Sicilia terra di spiagge assolate e di sport che nulla hanno a che vedere con la montagna &#8220;vera&#8221; è sempre stato ampiamente sconfessato dall&#8217;attività invernale degli aquilotti di questa regione dalle molteplici sfaccettature. Il programma delle attività di alpinismo giovanile ha sempre messo in calendario esperienze quali lo sci di fondo e le passeggiate con le ciaspole. Le gite effettuate in regioni del nord e centro Italia hanno inoltre consentito ai ragazzi di vivere esperienze di vario genere sui sentieri alpini e nei ghiacciai. Logico, quindi, che le commissioni siciliane di Alpinismo Giovanile abbiano sempre curato la formazione relativa al corretto comportamento in ambiente innevato, sia in seno alle sezioni sia grazie a giornate dedicate al tema col supporto generoso dei volontari del CNSAS.</p>
<p>In un contesto totalmente discordante da quella che sarebbe stata l&#8217;ambientazione ideale &minus; ma con lieta sorpresa finale &#8211; si è svolta la consueta giornata dedicata come ogni inverno alla sicurezza in ambiente innevato.</p>
<p>La manifestazione ha visto la partecipazione di aquilotti , accompagnatori, semplici soci delle sezioni di Pedara, Acireale, Bronte, Catania e tecnici delle Stazioni di soccorso del CNSAS &minus; SASS di Etna Sud ed Etna Nord.</p>
<p>Assenza di innevamento e temperature rigide hanno costretto gli organizzatori a suddividere la giornata in due momenti. Inizialmente, all&#8217;interno del Centro Direzionale Protezione Civile di Nicolosi, si è effettuata una lezione teorica condotta dai tecnici del Soccorso Alpino, guidati da Franco Del Campo &#8211; Delegato XXI Z.S. Alpina &#8211; &nbsp;in cui sono state mostrate le attrezzature e i materiali per affrontare in sicurezza l&#8217;ambiente innevato. Attentissimi e curiosi, i ragazzi partecipanti hanno formulato numerose domande, poste col brio tipico dei giovani, per soddisfare il loro innato desiderio di saperne di più sull&#8217;argomento proposto. Con la disponibilità ben nota a tutti, i tecnici hanno fornito risposte corredate da numerosi esempi adatti al linguaggio dei giovani. Ci si è calati sia nei panni dei travolti da valanga sia in quelli dei soccorritori e soprattutto si è compreso che esistono dei principi da non sottovalutare mai nell&#8217;organizzazione di una giornata in montagna durante la stagione invernale.</p>
<p>Consultare scrupolosamente il bollettino meteorologico, programmare la gita e studiare l&#8217;itinerario in base alle condizioni dell&#8217;innevamento, assicurarsi di essere in possesso degli strumenti che salvano la vita in caso di eventi tragici, sono questi i concetti che sono stati recepiti dai giovani nel corso della parte teorica della giornata. Non rimaneva che passare alla fase pratica con una esercitazione sull&#8217;uso corretto di ARTVA, pala, sonda e con una simulazione di ricerca dei dispersi.</p>
<p>Lo scenario naturale prescelto è stato la pineta dei Monti Rossi a Nicolosi. E&#8217; stato in questo frangente che l&#8217;entusiasmo travolgente dei ragazzi ha preso il sopravvento. In mancanza di una consistente coltre nevosa si è nascosto l&#8217;ARTVA sotto le foglie ma il succo ed il valore dell&#8217;esercitazione non è stato alterato. Poiché, però, la fortuna aiuta gli audaci, la giornata ha riservato una insperata sorpresa: al repentino calare della temperatura sono arrivati martellanti i fiocchi di neve. Imperturbabili e resi ancor più gioiosi dalla circostanza, gli aquilotti hanno concluso in un paesaggio impolverato di bianco la loro esercitazione.</p>
<p>Enrica Piera Paola Messina &minus; AAG sez. di Catania</p>

<p>Lo stereotipo da cartolina che vuole la Sicilia terra di spiagge assolate e di sport che nulla hanno a che vedere con la montagna &#8220;vera&#8221; è sempre stato ampiamente sconfessato [&hellip;]</p>
