{"id":141,"date":"2021-01-31T06:50:48","date_gmt":"2021-01-31T06:50:48","guid":{"rendered":"https:\/\/organizzazione.cai.it\/commissione-centrale-alpinismo-giovanile-toscana-emilia-romagna\/evento\/i-lunedi-dellag\/"},"modified":"2024-11-22T17:33:30","modified_gmt":"2024-11-22T17:33:30","slug":"i-lunedi-dellag","status":"publish","type":"tribe_events","link":"https:\/\/organizzazione.cai.it\/commissione-centrale-alpinismo-giovanile-toscana-emilia-romagna\/evento\/i-lunedi-dellag\/","title":{"rendered":"I Luned\u00ec Dell&#8217;ag"},"content":{"rendered":"<p>Cari Accompagnatori,<\/p>\n<p>il 2020 si \u00e8 concluso cos\u00ec come era cominciato, in un crescendo di preoccupazioni e difficolt\u00e0 e che, purtroppo, in questo primo scorcio del nuovo anno vediamo lontani dal riuscire a superare.<\/p>\n<p>Nonostante un nuovo graduale miglioramento della situazione sanitaria che per\u00f2, vista l\u2019esperienza di questa estate, non ci deve indurre ad abbassare la guardia, la possibilit\u00e0 di poterci incontrare di persona \u00e8 ancora lontana.<\/p>\n<p>La CCAG, proprio nell\u2019ottica di rafforzare i contatti fra di noi e di divulgare alcune tematiche, \u00e8 con vero piacere che vi invita a partecipare alle serate culturali \u201cI LUNED\u00cc DELL\u2019AG\u201d, organizzate grazie al notevole contributo dell\u2019OTTO LPV.<\/p>\n<p><strong><a href=\"https:\/\/organizzazione.cai.it\/commissione-centrale-alpinismo-giovanile-toscana-emilia-romagna\/wp-content\/uploads\/sites\/80\/2024\/11\/Lunedi_AG.pdf\" target=\"_blank\" rel=\"noopener\">Locandina con il programma di dettaglio degli eventi<\/a><\/strong><\/p>\n<p><strong><a href=\"https:\/\/forms.gle\/PLvbppUU6gBfJVgdA\" target=\"_blank\" rel=\"noopener\">Modulo on-line per iscrizione agli eventi<\/a><\/strong><\/p>\n<p>Gli eventi verranno trasmessi su canale Youtube, con la possibilit\u00e0 di interagire via chat e saranno accessibili tramite un link che verr\u00e0 inviato agli iscritti, pubblicato anche in questa pagina. Le registrazioni degli eventi saranno disponibili allo stesso link.<\/p>\n<p><strong>Luned\u00ec 8\/2\/2021 ore 21<\/strong> -&gt; <a href=\"https:\/\/www.youtube.com\/watch?v=IX3DKVSnc8s&amp;feature=youtu.be\" target=\"_blank\" rel=\"noopener\"><strong>Vedi la registrazione della serata<\/strong><\/a><\/p>\n<ul>\n<li><strong>La terra ha la febbre&#8230; e tante altre domande: i cambiamenti climatici e come spiegarli ai nostri ragazzi<\/strong><\/li>\n<\/ul>\n<p><strong>Luned\u00ec 22\/2\/2021<\/strong> <strong>ore 21<\/strong> -&gt; <a href=\"https:\/\/www.youtube.com\/watch?v=37KsEN5r-5w&amp;feature=youtu.be\" target=\"_blank\" rel=\"noopener\"><strong>Vedi la registrazione della serata<\/strong><\/a><\/p>\n<ul>\n<li><strong>L\u2019appetito vien camminando: alimentarsi correttamente durante un\u2019escursione<\/strong><\/li>\n<\/ul>\n<p><strong>Luned\u00ec 8\/3\/2021<\/strong> <strong>ore 21<\/strong> -&gt; <a href=\"https:\/\/www.youtube.com\/watch?v=WjrEwhjkA8w\" target=\"_blank\" rel=\"noopener\"><strong>Vedi la registrazione della serata<\/strong><\/a><\/p>\n<ul>\n<li><strong>La sicurezza in montagna &#8211; Modulo 1 &#8211; <a href=\"https:\/\/organizzazione.cai.it\/commissione-centrale-alpinismo-giovanile-toscana-emilia-romagna\/wp-content\/uploads\/sites\/80\/2024\/11\/Safety-x-AG-2021.pdf\" target=\"_blank\" rel=\"noopener\">Scarica le slide dei 2 moduli<\/a><\/strong><\/li>\n<\/ul>\n<p><strong>Luned\u00ec 22\/3\/2021<\/strong> <strong>ore 21<\/strong> -&gt; <a href=\"https:\/\/www.youtube.com\/watch?v=GOAftHBsLuc\" target=\"_blank\" rel=\"noopener\"><strong>Vedi la registrazione della serata<\/strong><\/a><\/p>\n<ul>\n<li><strong>Facciamo teatro raccontando la montagna: le leggende, la narrativa, la storia dell\u2019alpinismo<\/strong><\/li>\n<\/ul>\n<p><strong>Luned\u00ec 12\/4\/2021<\/strong> <strong>ore 21<\/strong> -&gt; <a href=\"https:\/\/www.youtube.com\/watch?v=GOAftHBsLuc\" target=\"_blank\" rel=\"noopener\"><strong>Vedi la registrazione della serata<\/strong><\/a><\/p>\n<ul>\n<li><strong>La geologia vista con gli occhi dei ragazzi<\/strong><\/li>\n<\/ul>\n<p><strong>Luned\u00ec 26\/4\/2021<\/strong> <strong>ore 21<\/strong> -&gt; <a href=\"https:\/\/youtu.be\/nDHBCFIQGrQ\" target=\"_blank\" rel=\"noopener\"><strong>Vedi la registrazione della serata<\/strong><\/a><\/p>\n<ul>\n<li><strong>La sicurezza in montagna &#8211; Modulo 2 &#8211; <a href=\"https:\/\/organizzazione.cai.it\/commissione-centrale-alpinismo-giovanile-toscana-emilia-romagna\/wp-content\/uploads\/sites\/80\/2024\/11\/Safety-x-AG-2021.pdf\" target=\"_blank\" rel=\"noopener\">Scarica le slide dei 2 moduli<\/a><\/strong><\/li>\n<\/ul>\n<p><strong>Luned\u00ec 10\/5\/2021<\/strong> <strong>ore 21 (serata aggiuntiva) -&gt; <a href=\"https:\/\/youtu.be\/MIx7bZAkzxE\" target=\"_blank\" rel=\"noopener\">Vedi la registrazione della serata<\/a><\/strong><\/p>\n<ul>\n<li><strong>I Giovani e la montagna che cura e riparte<\/strong><\/li>\n<\/ul>\n<p>Per eventuali informazioni scrivere a <strong>aglpv@cai.it.<\/strong><\/p>\n<p>Ringraziandovi anticipatamente per la vostra presenza<\/p>\n<p>Ettore Martinello \u00a0\u00a0\u00a0\u00a0\u00a0\u00a0\u00a0\u00a0\u00a0\u00a0\u00a0\u00a0\u00a0\u00a0\u00a0\u00a0\u00a0\u00a0\u00a0\u00a0\u00a0\u00a0\u00a0\u00a0\u00a0\u00a0\u00a0\u00a0\u00a0\u00a0\u00a0\u00a0\u00a0\u00a0\u00a0\u00a0\u00a0\u00a0\u00a0\u00a0\u00a0\u00a0\u00a0\u00a0\u00a0\u00a0\u00a0\u00a0\u00a0\u00a0\u00a0\u00a0\u00a0\u00a0\u00a0\u00a0\u00a0\u00a0\u00a0\u00a0\u00a0\u00a0\u00a0\u00a0\u00a0\u00a0\u00a0\u00a0 \u00a0\u00a0\u00a0\u00a0\u00a0\u00a0\u00a0\u00a0\u00a0\u00a0\u00a0 Fabio Pellegrino<\/p>\n<p>(Presidente CCAG)\u00a0\u00a0\u00a0\u00a0\u00a0\u00a0\u00a0\u00a0\u00a0\u00a0\u00a0\u00a0\u00a0\u00a0\u00a0\u00a0\u00a0\u00a0\u00a0\u00a0\u00a0\u00a0\u00a0\u00a0\u00a0\u00a0\u00a0\u00a0\u00a0\u00a0\u00a0\u00a0\u00a0\u00a0\u00a0\u00a0\u00a0\u00a0\u00a0\u00a0\u00a0\u00a0\u00a0\u00a0\u00a0\u00a0\u00a0\u00a0\u00a0\u00a0\u00a0\u00a0\u00a0\u00a0\u00a0\u00a0\u00a0\u00a0\u00a0\u00a0\u00a0\u00a0\u00a0\u00a0\u00a0\u00a0\u00a0 \u00a0\u00a0\u00a0\u00a0\u00a0\u00a0(Presidente OTTO LPV)<\/p>\n","protected":false},"excerpt":{"rendered":"<p>Cari Accompagnatori, il 2020 si \u00e8 concluso cos\u00ec come era cominciato, in un crescendo di preoccupazioni e difficolt\u00e0 e che, purtroppo, in questo primo scorcio del nuovo anno vediamo lontani [&hellip;]<\/p>\n","protected":false},"author":1,"featured_media":142,"comment_status":"closed","ping_status":"open","template":"","meta":{"_tribe_events_status":"","_tribe_events_status_reason":"","footnotes":""},"tags":[7],"tribe_events_cat":[],"_links":{"self":[{"href":"https:\/\/organizzazione.cai.it\/commissione-centrale-alpinismo-giovanile-toscana-emilia-romagna\/wp-json\/wp\/v2\/tribe_events\/141"}],"collection":[{"href":"https:\/\/organizzazione.cai.it\/commissione-centrale-alpinismo-giovanile-toscana-emilia-romagna\/wp-json\/wp\/v2\/tribe_events"}],"about":[{"href":"https:\/\/organizzazione.cai.it\/commissione-centrale-alpinismo-giovanile-toscana-emilia-romagna\/wp-json\/wp\/v2\/types\/tribe_events"}],"author":[{"embeddable":true,"href":"https:\/\/organizzazione.cai.it\/commissione-centrale-alpinismo-giovanile-toscana-emilia-romagna\/wp-json\/wp\/v2\/users\/1"}],"replies":[{"embeddable":true,"href":"https:\/\/organizzazione.cai.it\/commissione-centrale-alpinismo-giovanile-toscana-emilia-romagna\/wp-json\/wp\/v2\/comments?post=141"}],"version-history":[{"count":1,"href":"https:\/\/organizzazione.cai.it\/commissione-centrale-alpinismo-giovanile-toscana-emilia-romagna\/wp-json\/wp\/v2\/tribe_events\/141\/revisions"}],"predecessor-version":[{"id":219,"href":"https:\/\/organizzazione.cai.it\/commissione-centrale-alpinismo-giovanile-toscana-emilia-romagna\/wp-json\/wp\/v2\/tribe_events\/141\/revisions\/219"}],"wp:featuredmedia":[{"embeddable":true,"href":"https:\/\/organizzazione.cai.it\/commissione-centrale-alpinismo-giovanile-toscana-emilia-romagna\/wp-json\/wp\/v2\/media\/142"}],"wp:attachment":[{"href":"https:\/\/organizzazione.cai.it\/commissione-centrale-alpinismo-giovanile-toscana-emilia-romagna\/wp-json\/wp\/v2\/media?parent=141"}],"wp:term":[{"taxonomy":"post_tag","embeddable":true,"href":"https:\/\/organizzazione.cai.it\/commissione-centrale-alpinismo-giovanile-toscana-emilia-romagna\/wp-json\/wp\/v2\/tags?post=141"},{"taxonomy":"tribe_events_cat","embeddable":true,"href":"https:\/\/organizzazione.cai.it\/commissione-centrale-alpinismo-giovanile-toscana-emilia-romagna\/wp-json\/wp\/v2\/tribe_events_cat?post=141"}],"curies":[{"name":"wp","href":"https:\/\/api.w.org\/{rel}","templated":true}]}}

I Lunedì Dell&#8217;ag

<p>Cari Accompagnatori,</p>
<p>il 2020 si è concluso così come era cominciato, in un crescendo di preoccupazioni e difficoltà e che, purtroppo, in questo primo scorcio del nuovo anno vediamo lontani dal riuscire a superare.</p>
<p>Nonostante un nuovo graduale miglioramento della situazione sanitaria che però, vista l’esperienza di questa estate, non ci deve indurre ad abbassare la guardia, la possibilità di poterci incontrare di persona è ancora lontana.</p>
<p>La CCAG, proprio nell’ottica di rafforzare i contatti fra di noi e di divulgare alcune tematiche, è con vero piacere che vi invita a partecipare alle serate culturali “I LUNEDÌ DELL’AG”, organizzate grazie al notevole contributo dell’OTTO LPV.</p>
<p><strong><a href="https://organizzazione.cai.it/commissione-centrale-alpinismo-giovanile-toscana-emilia-romagna/wp-content/uploads/sites/80/2024/11/Lunedi_AG.pdf" target="_blank" rel="noopener">Locandina con il programma di dettaglio degli eventi</a></strong></p>
<p><strong><a href="https://forms.gle/PLvbppUU6gBfJVgdA" target="_blank" rel="noopener">Modulo on-line per iscrizione agli eventi</a></strong></p>
<p>Gli eventi verranno trasmessi su canale Youtube, con la possibilità di interagire via chat e saranno accessibili tramite un link che verrà inviato agli iscritti, pubblicato anche in questa pagina. Le registrazioni degli eventi saranno disponibili allo stesso link.</p>
<p><strong>Lunedì 8/2/2021 ore 21</strong> -&gt; <a href="https://www.youtube.com/watch?v=IX3DKVSnc8s&amp;feature=youtu.be" target="_blank" rel="noopener"><strong>Vedi la registrazione della serata</strong></a></p>
<ul>
<li><strong>La terra ha la febbre&#8230; e tante altre domande: i cambiamenti climatici e come spiegarli ai nostri ragazzi</strong></li>
</ul>
<p><strong>Lunedì 22/2/2021</strong> <strong>ore 21</strong> -&gt; <a href="https://www.youtube.com/watch?v=37KsEN5r-5w&amp;feature=youtu.be" target="_blank" rel="noopener"><strong>Vedi la registrazione della serata</strong></a></p>
<ul>
<li><strong>L’appetito vien camminando: alimentarsi correttamente durante un’escursione</strong></li>
</ul>
<p><strong>Lunedì 8/3/2021</strong> <strong>ore 21</strong> -&gt; <a href="https://www.youtube.com/watch?v=WjrEwhjkA8w" target="_blank" rel="noopener"><strong>Vedi la registrazione della serata</strong></a></p>
<ul>
<li><strong>La sicurezza in montagna &#8211; Modulo 1 &#8211; <a href="https://organizzazione.cai.it/commissione-centrale-alpinismo-giovanile-toscana-emilia-romagna/wp-content/uploads/sites/80/2024/11/Safety-x-AG-2021.pdf" target="_blank" rel="noopener">Scarica le slide dei 2 moduli</a></strong></li>
</ul>
<p><strong>Lunedì 22/3/2021</strong> <strong>ore 21</strong> -&gt; <a href="https://www.youtube.com/watch?v=GOAftHBsLuc" target="_blank" rel="noopener"><strong>Vedi la registrazione della serata</strong></a></p>
<ul>
<li><strong>Facciamo teatro raccontando la montagna: le leggende, la narrativa, la storia dell’alpinismo</strong></li>
</ul>
<p><strong>Lunedì 12/4/2021</strong> <strong>ore 21</strong> -&gt; <a href="https://www.youtube.com/watch?v=GOAftHBsLuc" target="_blank" rel="noopener"><strong>Vedi la registrazione della serata</strong></a></p>
<ul>
<li><strong>La geologia vista con gli occhi dei ragazzi</strong></li>
</ul>
<p><strong>Lunedì 26/4/2021</strong> <strong>ore 21</strong> -&gt; <a href="https://youtu.be/nDHBCFIQGrQ" target="_blank" rel="noopener"><strong>Vedi la registrazione della serata</strong></a></p>
<ul>
<li><strong>La sicurezza in montagna &#8211; Modulo 2 &#8211; <a href="https://organizzazione.cai.it/commissione-centrale-alpinismo-giovanile-toscana-emilia-romagna/wp-content/uploads/sites/80/2024/11/Safety-x-AG-2021.pdf" target="_blank" rel="noopener">Scarica le slide dei 2 moduli</a></strong></li>
</ul>
<p><strong>Lunedì 10/5/2021</strong> <strong>ore 21 (serata aggiuntiva) -&gt; <a href="https://youtu.be/MIx7bZAkzxE" target="_blank" rel="noopener">Vedi la registrazione della serata</a></strong></p>
<ul>
<li><strong>I Giovani e la montagna che cura e riparte</strong></li>
</ul>
<p>Per eventuali informazioni scrivere a <strong>aglpv@cai.it.</strong></p>
<p>Ringraziandovi anticipatamente per la vostra presenza</p>
<p>Ettore Martinello                                                                                  Fabio Pellegrino</p>
<p>(Presidente CCAG)                                                                          (Presidente OTTO LPV)</p>

<p>Cari Accompagnatori, il 2020 si è concluso così come era cominciato, in un crescendo di preoccupazioni e difficoltà e che, purtroppo, in questo primo scorcio del nuovo anno vediamo lontani [&hellip;]</p>
