{"id":157,"date":"2019-03-08T23:00:00","date_gmt":"2019-03-08T23:00:00","guid":{"rendered":"https:\/\/organizzazione.cai.it\/commissione-centrale-alpinismo-giovanile-toscana-emilia-romagna\/evento\/aggiornamento-anag-2019-progettazione-attivita-di-ag\/"},"modified":"2024-11-22T17:33:48","modified_gmt":"2024-11-22T17:33:48","slug":"aggiornamento-anag-2019-progettazione-attivita-di-ag","status":"publish","type":"tribe_events","link":"https:\/\/organizzazione.cai.it\/commissione-centrale-alpinismo-giovanile-toscana-emilia-romagna\/evento\/aggiornamento-anag-2019-progettazione-attivita-di-ag\/","title":{"rendered":"Aggiornamento Anag 2019 &#8211; Progettazione Attivit\u00e0 Di Ag"},"content":{"rendered":"<p style=\"text-align: center; color: rgb(0, 0, 0); font-size: 24px;\"><strong>Progettazione delle attivit\u00e0 di AG<\/strong>\n<\/p>\n<p style=\"text-align: center; color: rgb(0, 0, 0);\"><strong><span style=\"font-size: 20px; color: rgb(0, 0, 0);\"><\/span><em style=\"color: rgb(0, 0, 0); font-size: 18px;\">La Scuola Centrale di Alpinismo Giovanile organizza un aggiornamento rivolto agli ANAG sul tema &#8220;Progettazione delle attivit\u00e0 di AG&#8221;, nella sede della sezione di Piacenza del CAI. \u00c8 l&#8217;aggiornamento a carattere obbligatorio stabilito dalla CCAG per il 2018-2019 che, a cascata, andr\u00e0 organizzato per AAG e ASAG.<\/em> <\/strong>\n<\/p>\n<h3 style=\"text-align: center; font-size: 18px; color: rgb(0, 0, 0);\"><strong><em>Duplice lo scopo dell&#8217;aggiornamento: da un lato confrontarci sulla progettazione, comunicazione e realizzazione delle attivit\u00e0 di AG, fornendo strumenti di uso pratico e immediatamente applicabili; dall&#8217;altro spiegare, approfondire e confrontarci sugli aspetti pratici a seguito delle recenti variazioni del quadro operativo per le attivit\u00e0 di AG.<\/em> <\/strong><\/h3>\n<h3 style=\"text-align: center; font-size: 18px; color: rgb(0, 0, 0);\"><em><strong>L&#8217;aggiornamento \u00e8 organizzato dalla Scuola su incarico della Commissione Centrale Alpinismo Giovanile. Nell&#8217;intento di aumentare le offerte formative e di distribuirle geograficamente, questo aggiornamento \u00e8 la terza replica dopo le edizioni di Bergamo e di Roma (2018).<\/strong><\/em><\/h3>\n<p style=\"text-align: center; font-size: 20px; color: rgb(0, 0, 0);\"><strong>Scadenza per le iscrizioni: 1 marzo 2019 <\/strong>\n<\/p>\n<p style=\"font-size: 20px; text-align: center;\"><strong><a href=\"https:\/\/archivio.cai.it\/alpinismogiovanile_media\/documenti\/documenti-AG\/scag 2019 aggiornamento anag 2019 Piacenza Bando.pdf\" target=\"_blank\" style=\"font-size: 20px;\" rel=\"noopener\">Scarica il bando<\/a><span style=\"color: rgb(0, 0, 0); font-size: 20px;\"><a href=\"https:\/\/archivio.cai.it\/alpinismogiovanile_media\/documenti\/documenti-AG\/scag 2019 aggiornamento anag 2019 Piacenza Bando.pdf\" target=\"_blank\" rel=\"noopener\">&nbsp;con le altre informazioni<\/a><\/span><\/strong>    <\/p>\n<p>&nbsp;<\/p>\n","protected":false},"excerpt":{"rendered":"<p>Progettazione delle attivit\u00e0 di AG La Scuola Centrale di Alpinismo Giovanile organizza un aggiornamento rivolto agli ANAG sul tema &#8220;Progettazione delle attivit\u00e0 di AG&#8221;, nella sede della sezione di Piacenza [&hellip;]<\/p>\n","protected":false},"author":1,"featured_media":158,"comment_status":"closed","ping_status":"open","template":"","meta":{"_tribe_events_status":"","_tribe_events_status_reason":"","footnotes":""},"tags":[7],"tribe_events_cat":[],"_links":{"self":[{"href":"https:\/\/organizzazione.cai.it\/commissione-centrale-alpinismo-giovanile-toscana-emilia-romagna\/wp-json\/wp\/v2\/tribe_events\/157"}],"collection":[{"href":"https:\/\/organizzazione.cai.it\/commissione-centrale-alpinismo-giovanile-toscana-emilia-romagna\/wp-json\/wp\/v2\/tribe_events"}],"about":[{"href":"https:\/\/organizzazione.cai.it\/commissione-centrale-alpinismo-giovanile-toscana-emilia-romagna\/wp-json\/wp\/v2\/types\/tribe_events"}],"author":[{"embeddable":true,"href":"https:\/\/organizzazione.cai.it\/commissione-centrale-alpinismo-giovanile-toscana-emilia-romagna\/wp-json\/wp\/v2\/users\/1"}],"replies":[{"embeddable":true,"href":"https:\/\/organizzazione.cai.it\/commissione-centrale-alpinismo-giovanile-toscana-emilia-romagna\/wp-json\/wp\/v2\/comments?post=157"}],"version-history":[{"count":1,"href":"https:\/\/organizzazione.cai.it\/commissione-centrale-alpinismo-giovanile-toscana-emilia-romagna\/wp-json\/wp\/v2\/tribe_events\/157\/revisions"}],"predecessor-version":[{"id":225,"href":"https:\/\/organizzazione.cai.it\/commissione-centrale-alpinismo-giovanile-toscana-emilia-romagna\/wp-json\/wp\/v2\/tribe_events\/157\/revisions\/225"}],"wp:featuredmedia":[{"embeddable":true,"href":"https:\/\/organizzazione.cai.it\/commissione-centrale-alpinismo-giovanile-toscana-emilia-romagna\/wp-json\/wp\/v2\/media\/158"}],"wp:attachment":[{"href":"https:\/\/organizzazione.cai.it\/commissione-centrale-alpinismo-giovanile-toscana-emilia-romagna\/wp-json\/wp\/v2\/media?parent=157"}],"wp:term":[{"taxonomy":"post_tag","embeddable":true,"href":"https:\/\/organizzazione.cai.it\/commissione-centrale-alpinismo-giovanile-toscana-emilia-romagna\/wp-json\/wp\/v2\/tags?post=157"},{"taxonomy":"tribe_events_cat","embeddable":true,"href":"https:\/\/organizzazione.cai.it\/commissione-centrale-alpinismo-giovanile-toscana-emilia-romagna\/wp-json\/wp\/v2\/tribe_events_cat?post=157"}],"curies":[{"name":"wp","href":"https:\/\/api.w.org\/{rel}","templated":true}]}}

Aggiornamento Anag 2019 &#8211; Progettazione Attività Di Ag

<p style="text-align: center; color: rgb(0, 0, 0); font-size: 24px;"><strong>Progettazione delle attività di AG</strong>
</p>
<p style="text-align: center; color: rgb(0, 0, 0);"><strong><span style="font-size: 20px; color: rgb(0, 0, 0);"></span><em style="color: rgb(0, 0, 0); font-size: 18px;">La Scuola Centrale di Alpinismo Giovanile organizza un aggiornamento rivolto agli ANAG sul tema &#8220;Progettazione delle attività di AG&#8221;, nella sede della sezione di Piacenza del CAI. È l&#8217;aggiornamento a carattere obbligatorio stabilito dalla CCAG per il 2018-2019 che, a cascata, andrà organizzato per AAG e ASAG.</em> </strong>
</p>
<h3 style="text-align: center; font-size: 18px; color: rgb(0, 0, 0);"><strong><em>Duplice lo scopo dell&#8217;aggiornamento: da un lato confrontarci sulla progettazione, comunicazione e realizzazione delle attività di AG, fornendo strumenti di uso pratico e immediatamente applicabili; dall&#8217;altro spiegare, approfondire e confrontarci sugli aspetti pratici a seguito delle recenti variazioni del quadro operativo per le attività di AG.</em> </strong></h3>
<h3 style="text-align: center; font-size: 18px; color: rgb(0, 0, 0);"><em><strong>L&#8217;aggiornamento è organizzato dalla Scuola su incarico della Commissione Centrale Alpinismo Giovanile. Nell&#8217;intento di aumentare le offerte formative e di distribuirle geograficamente, questo aggiornamento è la terza replica dopo le edizioni di Bergamo e di Roma (2018).</strong></em></h3>
<p style="text-align: center; font-size: 20px; color: rgb(0, 0, 0);"><strong>Scadenza per le iscrizioni: 1 marzo 2019 </strong>
</p>
<p style="font-size: 20px; text-align: center;"><strong><a href="https://archivio.cai.it/alpinismogiovanile_media/documenti/documenti-AG/scag 2019 aggiornamento anag 2019 Piacenza Bando.pdf" target="_blank" style="font-size: 20px;" rel="noopener">Scarica il bando</a><span style="color: rgb(0, 0, 0); font-size: 20px;"><a href="https://archivio.cai.it/alpinismogiovanile_media/documenti/documenti-AG/scag 2019 aggiornamento anag 2019 Piacenza Bando.pdf" target="_blank" rel="noopener">&nbsp;con le altre informazioni</a></span></strong>    </p>
<p>&nbsp;</p>

<p>Progettazione delle attività di AG La Scuola Centrale di Alpinismo Giovanile organizza un aggiornamento rivolto agli ANAG sul tema &#8220;Progettazione delle attività di AG&#8221;, nella sede della sezione di Piacenza [&hellip;]</p>
