{"id":165,"date":"2016-01-23T23:00:00","date_gmt":"2016-01-23T23:00:00","guid":{"rendered":"https:\/\/organizzazione.cai.it\/commissione-centrale-alpinismo-giovanile-toscana-emilia-romagna\/evento\/il-24-gennaio-scade-il-termine-per-le-iscrizioni-allxi-corso-aag-del-ter-2\/"},"modified":"2024-11-22T17:34:01","modified_gmt":"2024-11-22T17:34:01","slug":"il-24-gennaio-scade-il-termine-per-le-iscrizioni-allxi-corso-aag-del-ter-2","status":"publish","type":"tribe_events","link":"https:\/\/organizzazione.cai.it\/commissione-centrale-alpinismo-giovanile-toscana-emilia-romagna\/evento\/il-24-gennaio-scade-il-termine-per-le-iscrizioni-allxi-corso-aag-del-ter-2\/","title":{"rendered":"Il 24 Gennaio Scade Il Termine Per Le Iscrizioni All&#8217;xi Corso Aag Del Ter"},"content":{"rendered":"<p style=\"text-align:justify\"><span style=\"font-family:verdana,geneva,sans-serif\">La Scuola Interregionale per la Toscana e l&#8217;Emilia Romagna di Alpinismo Giovanile organizza l&#8217;<strong><span style=\"color:rgb(0,0,255)\">XI corso<\/span><\/strong>&nbsp; di qualifica per&nbsp;&nbsp;<span style=\"color:rgb(0,0,255)\"><strong>accompagnatori di AG<\/strong><\/span>.<\/span><\/p>\n<p style=\"text-align:justify\"><span style=\"font-family:verdana,geneva,sans-serif\">Il corso ha lo scopo di preparare&nbsp;&nbsp;<em>Accompagnatori<\/em> in grado di svolgere in prima persona le attivit\u00e0&nbsp; previste dal<span style=\"color:rgb(0,0,255)\">&nbsp; Progetto Educativo<\/span> del CAI. Si rivolge a soci del CAI, gi\u00e0 titolati ASAG, che siano in grado di svolgere correttamente ed in autonomia attivit\u00e0 escursionistica e di facile alpinismo e, soprattutto, che siano motivati a mettere a disposizione le proprie capacit\u00e0 e conoscenze per la formazione dei giovani.<\/span><\/p>\n<p style=\"text-align:justify\"><span style=\"font-family:verdana,geneva,sans-serif\">Il corso ha la caratteristica di essere prevalentemente esperienziale, con alternanza di lezioni ed esercitazioni pratiche tese a verificare, trasmettere e chiarire abilit\u00e0, conoscenze e competenze specifiche.<\/span><\/p>\n<p style=\"text-align:justify\"><span style=\"font-family:verdana,geneva,sans-serif\">Le domanda di iscrizione vanno inoltrate entro e non oltre il<span style=\"color:rgb(0,0,255)\"><strong> 24 Gennaio 2016&nbsp;&nbsp;<\/strong><\/span>all&#8217;indirizzo<\/span>&nbsp;&nbsp; corsoagter2016@gmail.com.<\/p>\n<p style=\"text-align:justify\"><span style=\"font-family:verdana,geneva,sans-serif\">utti i dettagli &gt;&gt;&nbsp;&nbsp;<a href=\"https:\/\/drive.google.com\/file\/d\/0B1RVYKkZ6UtsNlFrQlRQY1BWb2s\/view?pref=2&amp;pli=1\" target=\"_blank\" rel=\"noopener noreferrer\">qui<\/a><\/span><\/p>\n","protected":false},"excerpt":{"rendered":"<p>La Scuola Interregionale per la Toscana e l&#8217;Emilia Romagna di Alpinismo Giovanile organizza l&#8217;XI corso&nbsp; di qualifica per&nbsp;&nbsp;accompagnatori di AG. Il corso ha lo scopo di preparare&nbsp;&nbsp;Accompagnatori in grado di [&hellip;]<\/p>\n","protected":false},"author":1,"featured_media":120,"comment_status":"closed","ping_status":"open","template":"","meta":{"_tribe_events_status":"","_tribe_events_status_reason":"","footnotes":""},"tags":[7],"tribe_events_cat":[],"_links":{"self":[{"href":"https:\/\/organizzazione.cai.it\/commissione-centrale-alpinismo-giovanile-toscana-emilia-romagna\/wp-json\/wp\/v2\/tribe_events\/165"}],"collection":[{"href":"https:\/\/organizzazione.cai.it\/commissione-centrale-alpinismo-giovanile-toscana-emilia-romagna\/wp-json\/wp\/v2\/tribe_events"}],"about":[{"href":"https:\/\/organizzazione.cai.it\/commissione-centrale-alpinismo-giovanile-toscana-emilia-romagna\/wp-json\/wp\/v2\/types\/tribe_events"}],"author":[{"embeddable":true,"href":"https:\/\/organizzazione.cai.it\/commissione-centrale-alpinismo-giovanile-toscana-emilia-romagna\/wp-json\/wp\/v2\/users\/1"}],"replies":[{"embeddable":true,"href":"https:\/\/organizzazione.cai.it\/commissione-centrale-alpinismo-giovanile-toscana-emilia-romagna\/wp-json\/wp\/v2\/comments?post=165"}],"version-history":[{"count":1,"href":"https:\/\/organizzazione.cai.it\/commissione-centrale-alpinismo-giovanile-toscana-emilia-romagna\/wp-json\/wp\/v2\/tribe_events\/165\/revisions"}],"predecessor-version":[{"id":229,"href":"https:\/\/organizzazione.cai.it\/commissione-centrale-alpinismo-giovanile-toscana-emilia-romagna\/wp-json\/wp\/v2\/tribe_events\/165\/revisions\/229"}],"wp:featuredmedia":[{"embeddable":true,"href":"https:\/\/organizzazione.cai.it\/commissione-centrale-alpinismo-giovanile-toscana-emilia-romagna\/wp-json\/wp\/v2\/media\/120"}],"wp:attachment":[{"href":"https:\/\/organizzazione.cai.it\/commissione-centrale-alpinismo-giovanile-toscana-emilia-romagna\/wp-json\/wp\/v2\/media?parent=165"}],"wp:term":[{"taxonomy":"post_tag","embeddable":true,"href":"https:\/\/organizzazione.cai.it\/commissione-centrale-alpinismo-giovanile-toscana-emilia-romagna\/wp-json\/wp\/v2\/tags?post=165"},{"taxonomy":"tribe_events_cat","embeddable":true,"href":"https:\/\/organizzazione.cai.it\/commissione-centrale-alpinismo-giovanile-toscana-emilia-romagna\/wp-json\/wp\/v2\/tribe_events_cat?post=165"}],"curies":[{"name":"wp","href":"https:\/\/api.w.org\/{rel}","templated":true}]}}

<p style="text-align:justify"><span style="font-family:verdana,geneva,sans-serif">La Scuola Interregionale per la Toscana e l&#8217;Emilia Romagna di Alpinismo Giovanile organizza l&#8217;<strong><span style="color:rgb(0,0,255)">XI corso</span></strong>&nbsp; di qualifica per&nbsp;&nbsp;<span style="color:rgb(0,0,255)"><strong>accompagnatori di AG</strong></span>.</span></p>
<p style="text-align:justify"><span style="font-family:verdana,geneva,sans-serif">Il corso ha lo scopo di preparare&nbsp;&nbsp;<em>Accompagnatori</em> in grado di svolgere in prima persona le attività&nbsp; previste dal<span style="color:rgb(0,0,255)">&nbsp; Progetto Educativo</span> del CAI. Si rivolge a soci del CAI, già titolati ASAG, che siano in grado di svolgere correttamente ed in autonomia attività escursionistica e di facile alpinismo e, soprattutto, che siano motivati a mettere a disposizione le proprie capacità e conoscenze per la formazione dei giovani.</span></p>
<p style="text-align:justify"><span style="font-family:verdana,geneva,sans-serif">Il corso ha la caratteristica di essere prevalentemente esperienziale, con alternanza di lezioni ed esercitazioni pratiche tese a verificare, trasmettere e chiarire abilità, conoscenze e competenze specifiche.</span></p>
<p style="text-align:justify"><span style="font-family:verdana,geneva,sans-serif">Le domanda di iscrizione vanno inoltrate entro e non oltre il<span style="color:rgb(0,0,255)"><strong> 24 Gennaio 2016&nbsp;&nbsp;</strong></span>all&#8217;indirizzo</span>&nbsp;&nbsp; corsoagter2016@gmail.com.</p>
<p style="text-align:justify"><span style="font-family:verdana,geneva,sans-serif">utti i dettagli &gt;&gt;&nbsp;&nbsp;<a href="https://drive.google.com/file/d/0B1RVYKkZ6UtsNlFrQlRQY1BWb2s/view?pref=2&amp;pli=1" target="_blank" rel="noopener noreferrer">qui</a></span></p>
