{"id":3004,"date":"2026-04-23T10:10:22","date_gmt":"2026-04-23T08:10:22","guid":{"rendered":"https:\/\/organizzazione.cai.it\/oltre-la-vetta\/?post_type=tribe_events&#038;p=3004"},"modified":"2026-04-23T10:12:24","modified_gmt":"2026-04-23T08:12:24","slug":"oltre-la-vetta-al-trento-film-festival","status":"publish","type":"tribe_events","link":"https:\/\/organizzazione.cai.it\/oltre-la-vetta\/evento\/oltre-la-vetta-al-trento-film-festival\/","title":{"rendered":"Oltre La Vetta al Trento Film Festival"},"content":{"rendered":"<p><strong>Con Sofia Farina e Matteo Di Zaiacomo, Presidente dei Ragni di Lecco<\/strong><\/p>\n<p>La montagna \u00e8 un luogo di libert\u00e0, scoperta e relazione profonda con la natura. Ma \u00e8 anche uno spazio in cui il rischio fa parte dell\u2019esperienza e in cui, talvolta, si incontra la perdita. Nonostante questo, nella comunit\u00e0 di chi la frequenta (alpinisti, escursionisti, soccorritori e familiari) il tema della morte rimane spesso difficile da affrontare.<\/p>\n<p>\u201c<strong>Oltre la vetta<\/strong>\u201d \u00e8 un progetto del <em>Club Alpino Italiano<\/em> nato per aprire uno spazio di dialogo su lutto, trauma e salute mentale nelle comunit\u00e0 della montagna. Attraverso un videopodcast, una rete di psicologi e momenti di confronto pubblico, il progetto promuove una riflessione condivisa su come elaboriamo il rischio, la perdita e il ritorno alla montagna.<\/p>\n<p>Al Trento Film Festival verr\u00e0 registrata dal vivo una puntata speciale del podcast, con un ospite del mondo della montagna. Un incontro pubblico per parlare di ci\u00f2 che accade quando la montagna ci mette di fronte ai suoi limiti, e di come le comunit\u00e0 della montagna possano trovare parole, strumenti e spazi per attraversare queste esperienze.<\/p>\n","protected":false},"excerpt":{"rendered":"<p>Con Sofia Farina e Matteo Di Zaiacomo, Presidente dei Ragni di Lecco La montagna \u00e8 un luogo di libert\u00e0, scoperta e relazione profonda con la natura. Ma \u00e8 anche uno [&hellip;]<\/p>\n","protected":false},"author":450,"featured_media":3162,"comment_status":"closed","ping_status":"closed","template":"","meta":{"_tribe_events_status":"","_tribe_events_status_reason":"","footnotes":""},"tags":[],"tribe_events_cat":[],"_links":{"self":[{"href":"https:\/\/organizzazione.cai.it\/oltre-la-vetta\/wp-json\/wp\/v2\/tribe_events\/3004"}],"collection":[{"href":"https:\/\/organizzazione.cai.it\/oltre-la-vetta\/wp-json\/wp\/v2\/tribe_events"}],"about":[{"href":"https:\/\/organizzazione.cai.it\/oltre-la-vetta\/wp-json\/wp\/v2\/types\/tribe_events"}],"author":[{"embeddable":true,"href":"https:\/\/organizzazione.cai.it\/oltre-la-vetta\/wp-json\/wp\/v2\/users\/450"}],"replies":[{"embeddable":true,"href":"https:\/\/organizzazione.cai.it\/oltre-la-vetta\/wp-json\/wp\/v2\/comments?post=3004"}],"version-history":[{"count":1,"href":"https:\/\/organizzazione.cai.it\/oltre-la-vetta\/wp-json\/wp\/v2\/tribe_events\/3004\/revisions"}],"predecessor-version":[{"id":3160,"href":"https:\/\/organizzazione.cai.it\/oltre-la-vetta\/wp-json\/wp\/v2\/tribe_events\/3004\/revisions\/3160"}],"wp:featuredmedia":[{"embeddable":true,"href":"https:\/\/organizzazione.cai.it\/oltre-la-vetta\/wp-json\/wp\/v2\/media\/3162"}],"wp:attachment":[{"href":"https:\/\/organizzazione.cai.it\/oltre-la-vetta\/wp-json\/wp\/v2\/media?parent=3004"}],"wp:term":[{"taxonomy":"post_tag","embeddable":true,"href":"https:\/\/organizzazione.cai.it\/oltre-la-vetta\/wp-json\/wp\/v2\/tags?post=3004"},{"taxonomy":"tribe_events_cat","embeddable":true,"href":"https:\/\/organizzazione.cai.it\/oltre-la-vetta\/wp-json\/wp\/v2\/tribe_events_cat?post=3004"}],"curies":[{"name":"wp","href":"https:\/\/api.w.org\/{rel}","templated":true}]}}

<p><strong>Con Sofia Farina e Matteo Di Zaiacomo, Presidente dei Ragni di Lecco</strong></p>
<p>La montagna è un luogo di libertà, scoperta e relazione profonda con la natura. Ma è anche uno spazio in cui il rischio fa parte dell’esperienza e in cui, talvolta, si incontra la perdita. Nonostante questo, nella comunità di chi la frequenta (alpinisti, escursionisti, soccorritori e familiari) il tema della morte rimane spesso difficile da affrontare.</p>
<p>“<strong>Oltre la vetta</strong>” è un progetto del <em>Club Alpino Italiano</em> nato per aprire uno spazio di dialogo su lutto, trauma e salute mentale nelle comunità della montagna. Attraverso un videopodcast, una rete di psicologi e momenti di confronto pubblico, il progetto promuove una riflessione condivisa su come elaboriamo il rischio, la perdita e il ritorno alla montagna.</p>
<p>Al Trento Film Festival verrà registrata dal vivo una puntata speciale del podcast, con un ospite del mondo della montagna. Un incontro pubblico per parlare di ciò che accade quando la montagna ci mette di fronte ai suoi limiti, e di come le comunità della montagna possano trovare parole, strumenti e spazi per attraversare queste esperienze.</p>

<p>Con Sofia Farina e Matteo Di Zaiacomo, Presidente dei Ragni di Lecco La montagna è un luogo di libertà, scoperta e relazione profonda con la natura. Ma è anche uno [&hellip;]</p>
