{"id":1417,"date":"2025-04-22T00:01:38","date_gmt":"2025-04-22T00:01:38","guid":{"rendered":"https:\/\/organizzazione.cai.it\/sez-oristano\/?post_type=tribe_events&#038;p=1417"},"modified":"2026-04-20T08:34:04","modified_gmt":"2026-04-20T06:34:04","slug":"grighine","status":"publish","type":"tribe_events","link":"https:\/\/organizzazione.cai.it\/sez-oristano\/evento\/grighine\/","title":{"rendered":"TRK Allai-Grighine: sulle tracce della triste storia dell&#8217;ultimo carbonaio"},"content":{"rendered":"<p><strong>PRESENTAZIONE: <\/strong>Il trek si volge su sentieri che in parte si sovrappongono a quello T412 che FoReSTAS ha aperto da qualche anno. Alcuni tratti presentano salite e discese con pendenze e sviluppo che possono risultare impegnative, inoltre percorreremo un tratto in salita libera senza sentieri. In prossimit\u00e0 della salita da Bau Accas \u00e8 presente fango molle perch\u00e9 sul sentiero \u00e8 presente una vena d\u2019acqua e c\u2019\u00e8 il transito di bovini che rimestano il fango<\/p>\n<p><strong>Per informazioni aggiuntive rivolgersi ai Direttori di escursione indicati di seguito.<\/strong><\/p>\n<p><strong>COMUNI INTERESSATI: <\/strong>Allai (OR)<\/p>\n<p><strong>DURATA: <\/strong>circa 7 ore complessive compreso il pranzo<\/p>\n<p><strong>DATI TECNICI: <\/strong>lunghezza 13,5 km con dislivello cumulato di circa 672 m, altitudine max 303 m e min 47 m.<\/p>\n<p><strong>CLASSIFICAZIONE: <\/strong>difficolt\u00e0 E (Escursionistica; per le difficolt\u00e0 vedi la \u00ab<em>Classificazione dei percorsi in base alle difficolt\u00e0 in ambito escursionistico e cicloescursionistico<\/em>\u00bb, approvata dal Comitato Centrale di indirizzo e controllo del CAI (CC)).<\/p>\n<p><strong>RADUNO: <\/strong>a Oristano ore 8:00 Parcheggio Pubblico Eurospin Via Marconi lato strada, <a href=\"https:\/\/maps.app.goo.gl\/i495Bk5ZiR1aynPK7\" target=\"_blank\" rel=\"noopener\">https:\/\/maps.app.goo.gl\/i495Bk5ZiR1aynPK7<\/a> con partenza ore 8:10<\/p>\n<p>ad Allai ore 8:50 Parcheggio \u201cCasa sull\u2019albero\u201d <a href=\"https:\/\/maps.app.goo.gl\/mU636MgcBjZLXshP9\" target=\"_blank\" rel=\"noopener\">https:\/\/maps.app.goo.gl\/mU636MgcBjZLXshP9<\/a><\/p>\n<p><strong>PRENOTAZIONE: <\/strong>compilare il modulo al link <a href=\"http:\/\/bit.ly\/orcai_escursione\" target=\"_blank\" rel=\"noopener\">https:\/\/escursione.caior.it<\/a> entro le ore 12.00 del 09\/05\/2026. I NON soci entro le ore 12:00 del\u00a0 08\/05\/2026. Cancellazioni (iter obbligatorio): i SOCI entro le ore 12.00 del 24\/04\/2026. I NON soci entro le ore 12:00 del 09\/05\/2026, pena il pagamento dell\u2019assicurazione (8,40 euro)<\/p>\n<p style=\"text-align: center;\"><strong>prima dell\u2019iscrizione, i NON SOCI devono obbligatoriamente telefonare al direttore e, solo dopo la sua autorizzazione, possono iscriversi<\/strong><\/p>\n<p><strong>LIMITAZIONI:<\/strong> massimo 30 persone e max 5 NON soci<\/p>\n<p><strong>SCHEDA DELLA GIORNATA: TRK Allai-Grighine 10052026\u00a0<\/strong><\/p>\n","protected":false},"excerpt":{"rendered":"<p>PRESENTAZIONE: Il trek si volge su sentieri che in parte si sovrappongono a quello T412 che FoReSTAS ha aperto da qualche anno. Alcuni tratti presentano salite e discese con pendenze [&hellip;]<\/p>\n","protected":false},"author":54,"featured_media":7685,"comment_status":"closed","ping_status":"closed","template":"","meta":{"_tribe_events_status":"","_tribe_events_status_reason":"","footnotes":""},"tags":[],"tribe_events_cat":[],"_links":{"self":[{"href":"https:\/\/organizzazione.cai.it\/sez-oristano\/wp-json\/wp\/v2\/tribe_events\/1417"}],"collection":[{"href":"https:\/\/organizzazione.cai.it\/sez-oristano\/wp-json\/wp\/v2\/tribe_events"}],"about":[{"href":"https:\/\/organizzazione.cai.it\/sez-oristano\/wp-json\/wp\/v2\/types\/tribe_events"}],"author":[{"embeddable":true,"href":"https:\/\/organizzazione.cai.it\/sez-oristano\/wp-json\/wp\/v2\/users\/54"}],"replies":[{"embeddable":true,"href":"https:\/\/organizzazione.cai.it\/sez-oristano\/wp-json\/wp\/v2\/comments?post=1417"}],"version-history":[{"count":50,"href":"https:\/\/organizzazione.cai.it\/sez-oristano\/wp-json\/wp\/v2\/tribe_events\/1417\/revisions"}],"predecessor-version":[{"id":7874,"href":"https:\/\/organizzazione.cai.it\/sez-oristano\/wp-json\/wp\/v2\/tribe_events\/1417\/revisions\/7874"}],"wp:featuredmedia":[{"embeddable":true,"href":"https:\/\/organizzazione.cai.it\/sez-oristano\/wp-json\/wp\/v2\/media\/7685"}],"wp:attachment":[{"href":"https:\/\/organizzazione.cai.it\/sez-oristano\/wp-json\/wp\/v2\/media?parent=1417"}],"wp:term":[{"taxonomy":"post_tag","embeddable":true,"href":"https:\/\/organizzazione.cai.it\/sez-oristano\/wp-json\/wp\/v2\/tags?post=1417"},{"taxonomy":"tribe_events_cat","embeddable":true,"href":"https:\/\/organizzazione.cai.it\/sez-oristano\/wp-json\/wp\/v2\/tribe_events_cat?post=1417"}],"curies":[{"name":"wp","href":"https:\/\/api.w.org\/{rel}","templated":true}]}}

<p><strong>PRESENTAZIONE: </strong>Il trek si volge su sentieri che in parte si sovrappongono a quello T412 che FoReSTAS ha aperto da qualche anno. Alcuni tratti presentano salite e discese con pendenze e sviluppo che possono risultare impegnative, inoltre percorreremo un tratto in salita libera senza sentieri. In prossimità della salita da Bau Accas è presente fango molle perché sul sentiero è presente una vena d’acqua e c’è il transito di bovini che rimestano il fango</p>
<p><strong>Per informazioni aggiuntive rivolgersi ai Direttori di escursione indicati di seguito.</strong></p>
<p><strong>COMUNI INTERESSATI: </strong>Allai (OR)</p>
<p><strong>DURATA: </strong>circa 7 ore complessive compreso il pranzo</p>
<p><strong>DATI TECNICI: </strong>lunghezza 13,5 km con dislivello cumulato di circa 672 m, altitudine max 303 m e min 47 m.</p>
<p><strong>CLASSIFICAZIONE: </strong>difficoltà E (Escursionistica; per le difficoltà vedi la «<em>Classificazione dei percorsi in base alle difficoltà in ambito escursionistico e cicloescursionistico</em>», approvata dal Comitato Centrale di indirizzo e controllo del CAI (CC)).</p>
<p><strong>RADUNO: </strong>a Oristano ore 8:00 Parcheggio Pubblico Eurospin Via Marconi lato strada, <a href="https://maps.app.goo.gl/i495Bk5ZiR1aynPK7" target="_blank" rel="noopener">https://maps.app.goo.gl/i495Bk5ZiR1aynPK7</a> con partenza ore 8:10</p>
<p>ad Allai ore 8:50 Parcheggio “Casa sull’albero” <a href="https://maps.app.goo.gl/mU636MgcBjZLXshP9" target="_blank" rel="noopener">https://maps.app.goo.gl/mU636MgcBjZLXshP9</a></p>
<p><strong>PRENOTAZIONE: </strong>compilare il modulo al link <a href="http://bit.ly/orcai_escursione" target="_blank" rel="noopener">https://escursione.caior.it</a> entro le ore 12.00 del 09/05/2026. I NON soci entro le ore 12:00 del  08/05/2026. Cancellazioni (iter obbligatorio): i SOCI entro le ore 12.00 del 24/04/2026. I NON soci entro le ore 12:00 del 09/05/2026, pena il pagamento dell’assicurazione (8,40 euro)</p>
<p style="text-align: center;"><strong>prima dell’iscrizione, i NON SOCI devono obbligatoriamente telefonare al direttore e, solo dopo la sua autorizzazione, possono iscriversi</strong></p>
<p><strong>LIMITAZIONI:</strong> massimo 30 persone e max 5 NON soci</p>
<p><strong>SCHEDA DELLA GIORNATA: TRK Allai-Grighine 10052026 </strong></p>
