{"id":3441,"date":"2025-03-24T15:14:30","date_gmt":"2025-03-24T15:14:30","guid":{"rendered":"https:\/\/organizzazione.cai.it\/sez-s-dona-di-piave\/?post_type=tribe_events&#038;p=3441"},"modified":"2025-03-24T15:14:30","modified_gmt":"2025-03-24T15:14:30","slug":"escursione-domenica-11-maggio-2025","status":"publish","type":"tribe_events","link":"https:\/\/organizzazione.cai.it\/sez-s-dona-di-piave\/evento\/escursione-domenica-11-maggio-2025\/","title":{"rendered":"Escursione Domenica 11 Maggio 2025"},"content":{"rendered":"<p><strong><a href=\"https:\/\/organizzazione.cai.it\/sez-s-dona-di-piave\/wp-content\/uploads\/sites\/52\/2025\/03\/5dom11maggio252.webp\"><img loading=\"lazy\" decoding=\"async\" class=\"wp-image-3439 alignleft\" src=\"https:\/\/organizzazione.cai.it\/sez-s-dona-di-piave\/wp-content\/uploads\/sites\/52\/2025\/03\/5dom11maggio252-954x720.webp\" alt=\"- CAI\" width=\"311\" height=\"234\" title=\"\" srcset=\"https:\/\/organizzazione.cai.it\/sez-s-dona-di-piave\/wp-content\/uploads\/sites\/52\/2025\/03\/5dom11maggio252-954x720.webp 954w, https:\/\/organizzazione.cai.it\/sez-s-dona-di-piave\/wp-content\/uploads\/sites\/52\/2025\/03\/5dom11maggio252-768x580.webp 768w, https:\/\/organizzazione.cai.it\/sez-s-dona-di-piave\/wp-content\/uploads\/sites\/52\/2025\/03\/5dom11maggio252.webp 962w\" sizes=\"(max-width: 311px) 100vw, 311px\" \/><\/a>ESCURSIONE AL SANTUARIO DELLA MADONNA DELLA CORONA VAL D\u2019ADIGE &#8211; MONTE BALDO (VR)<\/strong><\/p>\n<p>Accompagnatori<strong>: Giovanni De Sario, Massimiliano Bergamo, Andrea Argentoni(AE)<\/strong><\/p>\n<p>Il &#8220;Sentiero della Speranza\u201d che dal fondo della Val d&#8217;Adige, in localit\u00e0 Brentino, sale al Santuario della Madonna della Corona \u00e8 uno degli itinerari pi\u00f9 belli e frequentati del veronese. L\u2019escursionista o il pellegrino che vogliono raggiungere questa meta devono affrontare un percorso misto e spesso caratterizzato da diversi tratti a scalini. Non mancheranno punti molto panoramici e spettacolari scavati nella roccia e a picco sulla valle, come la salita lungo la parete del Monte Cimo. Suggestivo anche il Ponte del Tiglio costruito nel 500 e la Via Crucis in bronzo che, dopo aver visitato il santuario, porta al paese di Spiazzi (100 metri pi\u00f9 in quota), la cui visuale sul Lago di Garda e sul Monte Baldo, nelle giornate di sereno, \u00e8 mozzafiato!<\/p>\n<p><strong>\u00a0<\/strong><\/p>\n<p><strong>Tipologia del percorso: <\/strong>andata e ritorno<\/p>\n<p><strong>Interesse:<\/strong> storico, paesaggistico, culturale, religioso.<\/p>\n<p><strong>Dislivello<\/strong>: + 800 mt\u00a0\u00a0\u00a0 &#8211; 800 mt<\/p>\n<p><strong>Difficolt\u00e0: <\/strong>E<\/p>\n<p><strong>Cartina<\/strong>: Cartina Tabacco n. 63<\/p>\n<p><strong>Equipaggiamento<\/strong>: convenzionale per escursionismo<\/p>\n<p><strong>Trasporto<\/strong>: auto proprie o pullman (al Raggiungimento del numero di partecipanti adeguato)<\/p>\n<p><strong>Iscrizioni: <\/strong>entro gioved\u00ec 8 maggio<\/p>\n<hr \/>\n<p><strong><a href=\"https:\/\/organizzazione.cai.it\/sez-s-dona-di-piave\/wp-content\/uploads\/sites\/52\/2025\/01\/5.DOM-11-MAGGIO25.pdf\">5.DOM 11 MAGGIO25<\/a>\u00a0<\/strong><\/p>\n","protected":false},"excerpt":{"rendered":"<p>ESCURSIONE AL SANTUARIO DELLA MADONNA DELLA CORONA VAL D\u2019ADIGE &#8211; MONTE BALDO (VR) Accompagnatori: Giovanni De Sario, Massimiliano Bergamo, Andrea Argentoni(AE) Il &#8220;Sentiero della Speranza\u201d che dal fondo della Val [&hellip;]<\/p>\n","protected":false},"author":41,"featured_media":3442,"comment_status":"closed","ping_status":"closed","template":"","meta":{"_tribe_events_status":"","_tribe_events_status_reason":"","footnotes":""},"tags":[9],"tribe_events_cat":[],"_links":{"self":[{"href":"https:\/\/organizzazione.cai.it\/sez-s-dona-di-piave\/wp-json\/wp\/v2\/tribe_events\/3441"}],"collection":[{"href":"https:\/\/organizzazione.cai.it\/sez-s-dona-di-piave\/wp-json\/wp\/v2\/tribe_events"}],"about":[{"href":"https:\/\/organizzazione.cai.it\/sez-s-dona-di-piave\/wp-json\/wp\/v2\/types\/tribe_events"}],"author":[{"embeddable":true,"href":"https:\/\/organizzazione.cai.it\/sez-s-dona-di-piave\/wp-json\/wp\/v2\/users\/41"}],"replies":[{"embeddable":true,"href":"https:\/\/organizzazione.cai.it\/sez-s-dona-di-piave\/wp-json\/wp\/v2\/comments?post=3441"}],"version-history":[{"count":2,"href":"https:\/\/organizzazione.cai.it\/sez-s-dona-di-piave\/wp-json\/wp\/v2\/tribe_events\/3441\/revisions"}],"predecessor-version":[{"id":3444,"href":"https:\/\/organizzazione.cai.it\/sez-s-dona-di-piave\/wp-json\/wp\/v2\/tribe_events\/3441\/revisions\/3444"}],"wp:featuredmedia":[{"embeddable":true,"href":"https:\/\/organizzazione.cai.it\/sez-s-dona-di-piave\/wp-json\/wp\/v2\/media\/3442"}],"wp:attachment":[{"href":"https:\/\/organizzazione.cai.it\/sez-s-dona-di-piave\/wp-json\/wp\/v2\/media?parent=3441"}],"wp:term":[{"taxonomy":"post_tag","embeddable":true,"href":"https:\/\/organizzazione.cai.it\/sez-s-dona-di-piave\/wp-json\/wp\/v2\/tags?post=3441"},{"taxonomy":"tribe_events_cat","embeddable":true,"href":"https:\/\/organizzazione.cai.it\/sez-s-dona-di-piave\/wp-json\/wp\/v2\/tribe_events_cat?post=3441"}],"curies":[{"name":"wp","href":"https:\/\/api.w.org\/{rel}","templated":true}]}}

<p><strong><a href="https://organizzazione.cai.it/sez-s-dona-di-piave/wp-content/uploads/sites/52/2025/03/5dom11maggio252.webp"><img loading="lazy" decoding="async" class="wp-image-3439 alignleft" src="https://organizzazione.cai.it/sez-s-dona-di-piave/wp-content/uploads/sites/52/2025/03/5dom11maggio252-954x720.webp" alt="- CAI" width="311" height="234" title="" srcset="https://organizzazione.cai.it/sez-s-dona-di-piave/wp-content/uploads/sites/52/2025/03/5dom11maggio252-954x720.webp 954w, https://organizzazione.cai.it/sez-s-dona-di-piave/wp-content/uploads/sites/52/2025/03/5dom11maggio252-768x580.webp 768w, https://organizzazione.cai.it/sez-s-dona-di-piave/wp-content/uploads/sites/52/2025/03/5dom11maggio252.webp 962w" sizes="(max-width: 311px) 100vw, 311px" /></a>ESCURSIONE AL SANTUARIO DELLA MADONNA DELLA CORONA VAL D’ADIGE &#8211; MONTE BALDO (VR)</strong></p>
<p>Accompagnatori<strong>: Giovanni De Sario, Massimiliano Bergamo, Andrea Argentoni(AE)</strong></p>
<p>Il &#8220;Sentiero della Speranza” che dal fondo della Val d&#8217;Adige, in località Brentino, sale al Santuario della Madonna della Corona è uno degli itinerari più belli e frequentati del veronese. L’escursionista o il pellegrino che vogliono raggiungere questa meta devono affrontare un percorso misto e spesso caratterizzato da diversi tratti a scalini. Non mancheranno punti molto panoramici e spettacolari scavati nella roccia e a picco sulla valle, come la salita lungo la parete del Monte Cimo. Suggestivo anche il Ponte del Tiglio costruito nel 500 e la Via Crucis in bronzo che, dopo aver visitato il santuario, porta al paese di Spiazzi (100 metri più in quota), la cui visuale sul Lago di Garda e sul Monte Baldo, nelle giornate di sereno, è mozzafiato!</p>
<p><strong> </strong></p>
<p><strong>Tipologia del percorso: </strong>andata e ritorno</p>
<p><strong>Interesse:</strong> storico, paesaggistico, culturale, religioso.</p>
<p><strong>Dislivello</strong>: + 800 mt    &#8211; 800 mt</p>
<p><strong>Difficoltà: </strong>E</p>
<p><strong>Cartina</strong>: Cartina Tabacco n. 63</p>
<p><strong>Equipaggiamento</strong>: convenzionale per escursionismo</p>
<p><strong>Trasporto</strong>: auto proprie o pullman (al Raggiungimento del numero di partecipanti adeguato)</p>
<p><strong>Iscrizioni: </strong>entro giovedì 8 maggio</p>
<hr />
<p><strong><a href="https://organizzazione.cai.it/sez-s-dona-di-piave/wp-content/uploads/sites/52/2025/01/5.DOM-11-MAGGIO25.pdf">5.DOM 11 MAGGIO25</a> </strong></p>
