{"id":639,"date":"2021-05-24T20:52:00","date_gmt":"2021-05-24T20:52:00","guid":{"rendered":"https:\/\/organizzazione.cai.it\/sez-villadossola\/evento\/annullamento-corso-di-alpinismo\/"},"modified":"2024-10-25T07:46:32","modified_gmt":"2024-10-25T07:46:32","slug":"annullamento-corso-di-alpinismo","status":"publish","type":"tribe_events","link":"https:\/\/organizzazione.cai.it\/sez-villadossola\/evento\/annullamento-corso-di-alpinismo\/","title":{"rendered":"Annullamento Corso Di Alpinismo"},"content":{"rendered":"<p>A causa della situazione dovuta alla pandemia in corso, \u00e8 stato annullato il corso di alpinismo previsto per i mesi di maggio e giugno, mentre restano sospese le altre attivit\u00e0 delle scuole. La direzione provveder\u00e0 a comunicare tempestivamente qualsiasi novit\u00e0 in merito.<\/p>\n<p><em>Il consiglio della sezione CAI di Villadossola<\/em><\/p>\n","protected":false},"excerpt":{"rendered":"<p>A causa della situazione dovuta alla pandemia in corso, \u00e8 stato annullato il corso di alpinismo previsto per i mesi di maggio e giugno, mentre restano sospese le altre attivit\u00e0 [&hellip;]<\/p>\n","protected":false},"author":1,"featured_media":399,"comment_status":"closed","ping_status":"open","template":"","meta":{"_tribe_events_status":"","_tribe_events_status_reason":"","footnotes":""},"tags":[],"tribe_events_cat":[],"_links":{"self":[{"href":"https:\/\/organizzazione.cai.it\/sez-villadossola\/wp-json\/wp\/v2\/tribe_events\/639"}],"collection":[{"href":"https:\/\/organizzazione.cai.it\/sez-villadossola\/wp-json\/wp\/v2\/tribe_events"}],"about":[{"href":"https:\/\/organizzazione.cai.it\/sez-villadossola\/wp-json\/wp\/v2\/types\/tribe_events"}],"author":[{"embeddable":true,"href":"https:\/\/organizzazione.cai.it\/sez-villadossola\/wp-json\/wp\/v2\/users\/1"}],"replies":[{"embeddable":true,"href":"https:\/\/organizzazione.cai.it\/sez-villadossola\/wp-json\/wp\/v2\/comments?post=639"}],"version-history":[{"count":1,"href":"https:\/\/organizzazione.cai.it\/sez-villadossola\/wp-json\/wp\/v2\/tribe_events\/639\/revisions"}],"predecessor-version":[{"id":716,"href":"https:\/\/organizzazione.cai.it\/sez-villadossola\/wp-json\/wp\/v2\/tribe_events\/639\/revisions\/716"}],"wp:featuredmedia":[{"embeddable":true,"href":"https:\/\/organizzazione.cai.it\/sez-villadossola\/wp-json\/wp\/v2\/media\/399"}],"wp:attachment":[{"href":"https:\/\/organizzazione.cai.it\/sez-villadossola\/wp-json\/wp\/v2\/media?parent=639"}],"wp:term":[{"taxonomy":"post_tag","embeddable":true,"href":"https:\/\/organizzazione.cai.it\/sez-villadossola\/wp-json\/wp\/v2\/tags?post=639"},{"taxonomy":"tribe_events_cat","embeddable":true,"href":"https:\/\/organizzazione.cai.it\/sez-villadossola\/wp-json\/wp\/v2\/tribe_events_cat?post=639"}],"curies":[{"name":"wp","href":"https:\/\/api.w.org\/{rel}","templated":true}]}}

<p>A causa della situazione dovuta alla pandemia in corso, è stato annullato il corso di alpinismo previsto per i mesi di maggio e giugno, mentre restano sospese le altre attività delle scuole. La direzione provvederà a comunicare tempestivamente qualsiasi novità in merito.</p>
<p><em>Il consiglio della sezione CAI di Villadossola</em></p>

<p>A causa della situazione dovuta alla pandemia in corso, è stato annullato il corso di alpinismo previsto per i mesi di maggio e giugno, mentre restano sospese le altre attività [&hellip;]</p>
